{"id":1638,"date":"2023-03-15T16:22:44","date_gmt":"2023-03-15T16:22:44","guid":{"rendered":"https:\/\/somnisdelemporda.com\/regala-experiencies\/"},"modified":"2025-06-18T08:54:42","modified_gmt":"2025-06-18T08:54:42","slug":"regala-experiencies","status":"publish","type":"page","link":"https:\/\/somnisdelemporda.com\/ca\/regala-experiencies\/","title":{"rendered":"Regala experi\u00e8ncies"},"content":{"rendered":"&#13;\n<p class=\"has-text-align-center\"><br\/>Un toc de romanticisme pot aportar m\u00e0gia a la relaci\u00f3, ia nosaltres ens agrada la m\u00e0gia \ud83d\ude0a Qu\u00e8 et sembla un sopar al jard\u00ed, a la llum de les espelmes mentre contemples una espectacular posta de sol? A tothom li agrada que us facin sentir especial i nosaltres us ajudarem a crear l&#8217;atmosfera perfecta perqu\u00e8 la vostra parella se senti \u00fanica<br\/>Esculli el teu rac\u00f3 preferit i marca el comp\u00e0s del sopar. Amb l&#8217;ajuda inestimable del nostre xef que ser\u00e0 el vostre fidel aliat durant tota la vetllada i us proposar\u00e0 plats sans i sostenibles amb sabors d&#8217;antany, tot un viatge d&#8217;anada i tornada a la tradici\u00f3.<\/p>&#13;\n","protected":false},"excerpt":{"rendered":"<p>&#13; Un toc de romanticisme pot aportar m\u00e0gia a la relaci\u00f3, ia nosaltres ens agrada la m\u00e0gia \ud83d\ude0a Qu\u00e8 et sembla un sopar al jard\u00ed, a la llum de les espelmes mentre contemples una espectacular posta de sol? A tothom li agrada que us facin sentir especial i nosaltres us ajudarem a crear l&#8217;atmosfera perfecta [&hellip;]<\/p>\n","protected":false},"author":1,"featured_media":0,"parent":0,"menu_order":0,"comment_status":"closed","ping_status":"closed","template":"","meta":{"_joinchat":[],"footnotes":""},"class_list":["post-1638","page","type-page","status-publish","hentry"],"yoast_head":"<!-- This site is optimized with the Yoast SEO plugin v27.5 - https:\/\/yoast.com\/product\/yoast-seo-wordpress\/ -->\n<title>Regala experi\u00e8ncies - Somnis de l&#039;Empord\u00e0<\/title>\n<meta name=\"robots\" content=\"index, follow, max-snippet:-1, max-image-preview:large, max-video-preview:-1\" \/>\n<link rel=\"canonical\" href=\"https:\/\/somnisdelemporda.com\/ca\/regala-experiencies\/\" \/>\n<meta property=\"og:locale\" content=\"ca_ES\" \/>\n<meta property=\"og:type\" content=\"article\" \/>\n<meta property=\"og:title\" content=\"Regala experi\u00e8ncies - Somnis de l&#039;Empord\u00e0\" \/>\n<meta property=\"og:description\" content=\"&#013; Un toc de romanticisme pot aportar m\u00e0gia a la relaci\u00f3, ia nosaltres ens agrada la m\u00e0gia \ud83d\ude0a Qu\u00e8 et sembla un sopar al jard\u00ed, a la llum de les espelmes mentre contemples una espectacular posta de sol? A tothom li agrada que us facin sentir especial i nosaltres us ajudarem a crear l&#8217;atmosfera perfecta [&hellip;]\" \/>\n<meta property=\"og:url\" content=\"https:\/\/somnisdelemporda.com\/ca\/regala-experiencies\/\" \/>\n<meta property=\"og:site_name\" content=\"Somnis de l&#039;Empord\u00e0\" \/>\n<meta property=\"article:publisher\" content=\"https:\/\/www.facebook.com\/people\/Somnis-de-l-Empord\/100063805333548\/\" \/>\n<meta property=\"article:modified_time\" content=\"2025-06-18T08:54:42+00:00\" \/>\n<meta name=\"twitter:card\" content=\"summary_large_image\" \/>\n<meta name=\"twitter:label1\" content=\"Temps estimat de lectura\" \/>\n\t<meta name=\"twitter:data1\" content=\"1 minut\" \/>\n<script type=\"application\/ld+json\" class=\"yoast-schema-graph\">{\"@context\":\"https:\\\/\\\/schema.org\",\"@graph\":[{\"@type\":\"WebPage\",\"@id\":\"https:\\\/\\\/somnisdelemporda.com\\\/ca\\\/regala-experiencies\\\/\",\"url\":\"https:\\\/\\\/somnisdelemporda.com\\\/ca\\\/regala-experiencies\\\/\",\"name\":\"Regala experi\u00e8ncies - Somnis de l&#039;Empord\u00e0\",\"isPartOf\":{\"@id\":\"https:\\\/\\\/somnisdelemporda.com\\\/ca\\\/#website\"},\"datePublished\":\"2023-03-15T16:22:44+00:00\",\"dateModified\":\"2025-06-18T08:54:42+00:00\",\"breadcrumb\":{\"@id\":\"https:\\\/\\\/somnisdelemporda.com\\\/ca\\\/regala-experiencies\\\/#breadcrumb\"},\"inLanguage\":\"ca\",\"potentialAction\":[{\"@type\":\"ReadAction\",\"target\":[\"https:\\\/\\\/somnisdelemporda.com\\\/ca\\\/regala-experiencies\\\/\"]}]},{\"@type\":\"BreadcrumbList\",\"@id\":\"https:\\\/\\\/somnisdelemporda.com\\\/ca\\\/regala-experiencies\\\/#breadcrumb\",\"itemListElement\":[{\"@type\":\"ListItem\",\"position\":1,\"name\":\"Portada\",\"item\":\"https:\\\/\\\/somnisdelemporda.com\\\/ca\\\/\"},{\"@type\":\"ListItem\",\"position\":2,\"name\":\"Regala experi\u00e8ncies\"}]},{\"@type\":\"WebSite\",\"@id\":\"https:\\\/\\\/somnisdelemporda.com\\\/ca\\\/#website\",\"url\":\"https:\\\/\\\/somnisdelemporda.com\\\/ca\\\/\",\"name\":\"Somnis de l'Empord\u00e0\",\"description\":\"Mas\u00eda rural en el coraz\u00f3n de l&#039;Empord\u00e0\",\"publisher\":{\"@id\":\"https:\\\/\\\/somnisdelemporda.com\\\/ca\\\/#organization\"},\"potentialAction\":[{\"@type\":\"SearchAction\",\"target\":{\"@type\":\"EntryPoint\",\"urlTemplate\":\"https:\\\/\\\/somnisdelemporda.com\\\/ca\\\/?s={search_term_string}\"},\"query-input\":{\"@type\":\"PropertyValueSpecification\",\"valueRequired\":true,\"valueName\":\"search_term_string\"}}],\"inLanguage\":\"ca\"},{\"@type\":\"Organization\",\"@id\":\"https:\\\/\\\/somnisdelemporda.com\\\/ca\\\/#organization\",\"name\":\"Somnis de l'Empord\u00e0\",\"url\":\"https:\\\/\\\/somnisdelemporda.com\\\/ca\\\/\",\"logo\":{\"@type\":\"ImageObject\",\"inLanguage\":\"ca\",\"@id\":\"https:\\\/\\\/somnisdelemporda.com\\\/ca\\\/#\\\/schema\\\/logo\\\/image\\\/\",\"url\":\"https:\\\/\\\/somnisdelemporda.com\\\/wp-content\\\/uploads\\\/2023\\\/03\\\/logo-somnis-de-lemporda_Logo-sans-serif.svg\",\"contentUrl\":\"https:\\\/\\\/somnisdelemporda.com\\\/wp-content\\\/uploads\\\/2023\\\/03\\\/logo-somnis-de-lemporda_Logo-sans-serif.svg\",\"caption\":\"Somnis de l'Empord\u00e0\"},\"image\":{\"@id\":\"https:\\\/\\\/somnisdelemporda.com\\\/ca\\\/#\\\/schema\\\/logo\\\/image\\\/\"},\"sameAs\":[\"https:\\\/\\\/www.facebook.com\\\/people\\\/Somnis-de-l-Empord\\\/100063805333548\\\/\"]}]}<\/script>\n<!-- \/ Yoast SEO plugin. -->","yoast_head_json":{"title":"Regala experi\u00e8ncies - Somnis de l&#039;Empord\u00e0","robots":{"index":"index","follow":"follow","max-snippet":"max-snippet:-1","max-image-preview":"max-image-preview:large","max-video-preview":"max-video-preview:-1"},"canonical":"https:\/\/somnisdelemporda.com\/ca\/regala-experiencies\/","og_locale":"ca_ES","og_type":"article","og_title":"Regala experi\u00e8ncies - Somnis de l&#039;Empord\u00e0","og_description":"&#13; Un toc de romanticisme pot aportar m\u00e0gia a la relaci\u00f3, ia nosaltres ens agrada la m\u00e0gia \ud83d\ude0a Qu\u00e8 et sembla un sopar al jard\u00ed, a la llum de les espelmes mentre contemples una espectacular posta de sol? A tothom li agrada que us facin sentir especial i nosaltres us ajudarem a crear l&#8217;atmosfera perfecta [&hellip;]","og_url":"https:\/\/somnisdelemporda.com\/ca\/regala-experiencies\/","og_site_name":"Somnis de l&#039;Empord\u00e0","article_publisher":"https:\/\/www.facebook.com\/people\/Somnis-de-l-Empord\/100063805333548\/","article_modified_time":"2025-06-18T08:54:42+00:00","twitter_card":"summary_large_image","twitter_misc":{"Temps estimat de lectura":"1 minut"},"schema":{"@context":"https:\/\/schema.org","@graph":[{"@type":"WebPage","@id":"https:\/\/somnisdelemporda.com\/ca\/regala-experiencies\/","url":"https:\/\/somnisdelemporda.com\/ca\/regala-experiencies\/","name":"Regala experi\u00e8ncies - Somnis de l&#039;Empord\u00e0","isPartOf":{"@id":"https:\/\/somnisdelemporda.com\/ca\/#website"},"datePublished":"2023-03-15T16:22:44+00:00","dateModified":"2025-06-18T08:54:42+00:00","breadcrumb":{"@id":"https:\/\/somnisdelemporda.com\/ca\/regala-experiencies\/#breadcrumb"},"inLanguage":"ca","potentialAction":[{"@type":"ReadAction","target":["https:\/\/somnisdelemporda.com\/ca\/regala-experiencies\/"]}]},{"@type":"BreadcrumbList","@id":"https:\/\/somnisdelemporda.com\/ca\/regala-experiencies\/#breadcrumb","itemListElement":[{"@type":"ListItem","position":1,"name":"Portada","item":"https:\/\/somnisdelemporda.com\/ca\/"},{"@type":"ListItem","position":2,"name":"Regala experi\u00e8ncies"}]},{"@type":"WebSite","@id":"https:\/\/somnisdelemporda.com\/ca\/#website","url":"https:\/\/somnisdelemporda.com\/ca\/","name":"Somnis de l'Empord\u00e0","description":"Mas\u00eda rural en el coraz\u00f3n de l&#039;Empord\u00e0","publisher":{"@id":"https:\/\/somnisdelemporda.com\/ca\/#organization"},"potentialAction":[{"@type":"SearchAction","target":{"@type":"EntryPoint","urlTemplate":"https:\/\/somnisdelemporda.com\/ca\/?s={search_term_string}"},"query-input":{"@type":"PropertyValueSpecification","valueRequired":true,"valueName":"search_term_string"}}],"inLanguage":"ca"},{"@type":"Organization","@id":"https:\/\/somnisdelemporda.com\/ca\/#organization","name":"Somnis de l'Empord\u00e0","url":"https:\/\/somnisdelemporda.com\/ca\/","logo":{"@type":"ImageObject","inLanguage":"ca","@id":"https:\/\/somnisdelemporda.com\/ca\/#\/schema\/logo\/image\/","url":"https:\/\/somnisdelemporda.com\/wp-content\/uploads\/2023\/03\/logo-somnis-de-lemporda_Logo-sans-serif.svg","contentUrl":"https:\/\/somnisdelemporda.com\/wp-content\/uploads\/2023\/03\/logo-somnis-de-lemporda_Logo-sans-serif.svg","caption":"Somnis de l'Empord\u00e0"},"image":{"@id":"https:\/\/somnisdelemporda.com\/ca\/#\/schema\/logo\/image\/"},"sameAs":["https:\/\/www.facebook.com\/people\/Somnis-de-l-Empord\/100063805333548\/"]}]}},"_links":{"self":[{"href":"https:\/\/somnisdelemporda.com\/ca\/wp-json\/wp\/v2\/pages\/1638","targetHints":{"allow":["GET"]}}],"collection":[{"href":"https:\/\/somnisdelemporda.com\/ca\/wp-json\/wp\/v2\/pages"}],"about":[{"href":"https:\/\/somnisdelemporda.com\/ca\/wp-json\/wp\/v2\/types\/page"}],"author":[{"embeddable":true,"href":"https:\/\/somnisdelemporda.com\/ca\/wp-json\/wp\/v2\/users\/1"}],"replies":[{"embeddable":true,"href":"https:\/\/somnisdelemporda.com\/ca\/wp-json\/wp\/v2\/comments?post=1638"}],"version-history":[{"count":3,"href":"https:\/\/somnisdelemporda.com\/ca\/wp-json\/wp\/v2\/pages\/1638\/revisions"}],"predecessor-version":[{"id":1899,"href":"https:\/\/somnisdelemporda.com\/ca\/wp-json\/wp\/v2\/pages\/1638\/revisions\/1899"}],"wp:attachment":[{"href":"https:\/\/somnisdelemporda.com\/ca\/wp-json\/wp\/v2\/media?parent=1638"}],"curies":[{"name":"wp","href":"https:\/\/api.w.org\/{rel}","templated":true}]}}

Regala experiències

&#13;
<p class="has-text-align-center"><br/>Un toc de romanticisme pot aportar màgia a la relació, ia nosaltres ens agrada la màgia 😊 Què et sembla un sopar al jardí, a la llum de les espelmes mentre contemples una espectacular posta de sol? A tothom li agrada que us facin sentir especial i nosaltres us ajudarem a crear l&#8217;atmosfera perfecta perquè la vostra parella se senti única<br/>Esculli el teu racó preferit i marca el compàs del sopar. Amb l&#8217;ajuda inestimable del nostre xef que serà el vostre fidel aliat durant tota la vetllada i us proposarà plats sans i sostenibles amb sabors d&#8217;antany, tot un viatge d&#8217;anada i tornada a la tradició.</p>&#13;

<p>&#13; Un toc de romanticisme pot aportar màgia a la relació, ia nosaltres ens agrada la màgia 😊 Què et sembla un sopar al jardí, a la llum de les espelmes mentre contemples una espectacular posta de sol? A tothom li agrada que us facin sentir especial i nosaltres us ajudarem a crear l&#8217;atmosfera perfecta [&hellip;]</p>

<!-- This site is optimized with the Yoast SEO plugin v27.5 - https://yoast.com/product/yoast-seo-wordpress/ -->
<title>Regala experiències - Somnis de l&#039;Empordà</title>
<meta name="robots" content="index, follow, max-snippet:-1, max-image-preview:large, max-video-preview:-1" />
<link rel="canonical" href="https://somnisdelemporda.com/ca/regala-experiencies/" />
<meta property="og:locale" content="ca_ES" />
<meta property="og:type" content="article" />
<meta property="og:title" content="Regala experiències - Somnis de l&#039;Empordà" />
<meta property="og:description" content="&#013; Un toc de romanticisme pot aportar màgia a la relació, ia nosaltres ens agrada la màgia 😊 Què et sembla un sopar al jardí, a la llum de les espelmes mentre contemples una espectacular posta de sol? A tothom li agrada que us facin sentir especial i nosaltres us ajudarem a crear l&#8217;atmosfera perfecta [&hellip;]" />
<meta property="og:url" content="https://somnisdelemporda.com/ca/regala-experiencies/" />
<meta property="og:site_name" content="Somnis de l&#039;Empordà" />
<meta property="article:publisher" content="https://www.facebook.com/people/Somnis-de-l-Empord/100063805333548/" />
<meta property="article:modified_time" content="2025-06-18T08:54:42+00:00" />
<meta name="twitter:card" content="summary_large_image" />
<meta name="twitter:label1" content="Temps estimat de lectura" />
	<meta name="twitter:data1" content="1 minut" />
<script type="application/ld+json" class="yoast-schema-graph">{"@context":"https:\/\/schema.org","@graph":[{"@type":"WebPage","@id":"https:\/\/somnisdelemporda.com\/ca\/regala-experiencies\/","url":"https:\/\/somnisdelemporda.com\/ca\/regala-experiencies\/","name":"Regala experiències - Somnis de l&#039;Empordà","isPartOf":{"@id":"https:\/\/somnisdelemporda.com\/ca\/#website"},"datePublished":"2023-03-15T16:22:44+00:00","dateModified":"2025-06-18T08:54:42+00:00","breadcrumb":{"@id":"https:\/\/somnisdelemporda.com\/ca\/regala-experiencies\/#breadcrumb"},"inLanguage":"ca","potentialAction":[{"@type":"ReadAction","target":["https:\/\/somnisdelemporda.com\/ca\/regala-experiencies\/"]}]},{"@type":"BreadcrumbList","@id":"https:\/\/somnisdelemporda.com\/ca\/regala-experiencies\/#breadcrumb","itemListElement":[{"@type":"ListItem","position":1,"name":"Portada","item":"https:\/\/somnisdelemporda.com\/ca\/"},{"@type":"ListItem","position":2,"name":"Regala experiències"}]},{"@type":"WebSite","@id":"https:\/\/somnisdelemporda.com\/ca\/#website","url":"https:\/\/somnisdelemporda.com\/ca\/","name":"Somnis de l'Empordà","description":"Masía rural en el corazón de l&#039;Empordà","publisher":{"@id":"https:\/\/somnisdelemporda.com\/ca\/#organization"},"potentialAction":[{"@type":"SearchAction","target":{"@type":"EntryPoint","urlTemplate":"https:\/\/somnisdelemporda.com\/ca\/?s={search_term_string}"},"query-input":{"@type":"PropertyValueSpecification","valueRequired":true,"valueName":"search_term_string"}}],"inLanguage":"ca"},{"@type":"Organization","@id":"https:\/\/somnisdelemporda.com\/ca\/#organization","name":"Somnis de l'Empordà","url":"https:\/\/somnisdelemporda.com\/ca\/","logo":{"@type":"ImageObject","inLanguage":"ca","@id":"https:\/\/somnisdelemporda.com\/ca\/#\/schema\/logo\/image\/","url":"https:\/\/somnisdelemporda.com\/wp-content\/uploads\/2023\/03\/logo-somnis-de-lemporda_Logo-sans-serif.svg","contentUrl":"https:\/\/somnisdelemporda.com\/wp-content\/uploads\/2023\/03\/logo-somnis-de-lemporda_Logo-sans-serif.svg","caption":"Somnis de l'Empordà"},"image":{"@id":"https:\/\/somnisdelemporda.com\/ca\/#\/schema\/logo\/image\/"},"sameAs":["https:\/\/www.facebook.com\/people\/Somnis-de-l-Empord\/100063805333548\/"]}]}</script>
<!-- / Yoast SEO plugin. -->

Regala experiències - Somnis de l&#039;Empordà

&#13; Un toc de romanticisme pot aportar màgia a la relació, ia nosaltres ens agrada la màgia 😊 Què et sembla un sopar al jardí, a la llum de les espelmes mentre contemples una espectacular posta de sol? A tothom li agrada que us facin sentir especial i nosaltres us ajudarem a crear l&#8217;atmosfera perfecta [&hellip;]

Somnis de l&#039;Empordà

Somnis de l'Empordà

Masía rural en el corazón de l&#039;Empordà
