{"id":1681,"date":"2024-06-18T13:29:09","date_gmt":"2024-06-18T13:29:09","guid":{"rendered":"https:\/\/somnisdelemporda.com\/masia-completa\/"},"modified":"2024-06-18T13:30:47","modified_gmt":"2024-06-18T13:30:47","slug":"masia-completa","status":"publish","type":"page","link":"https:\/\/somnisdelemporda.com\/ca\/masia-completa\/","title":{"rendered":"Masia completa"},"content":{"rendered":"<h2 class=\"wp-block-heading\">Tota la masia per a tu<\/h2>\n<p><!-- \/wp:post-content --><!-- wp:paragraph --><\/p>\n<p>Somnis de l\u00b4Empord\u00e0 ofereix l\u00b4opci\u00f3 de reservar la masia integra per a grups i fam\u00edlies que vulguin privadesa, exclusivitat i calma.<\/p>\n<p><!-- \/wp:paragraph --><!-- wp:paragraph --><\/p>\n<p>-Capacitat entre 1 persona i 15 persones. Cinc suites dobles i una suite doble familiar amb dues habitacions<\/p>\n<p><!-- \/wp:paragraph --><!-- wp:paragraph --><\/p>\n<p>-Servei de neteja diari.<\/p>\n<p><!-- \/wp:paragraph --><!-- wp:paragraph --><\/p>\n<p>-Esmorzar bufet personalitzat amb productes locals com embotits, pernil ib\u00e8ric, ous del nostre galliner, fruites i verdures de l&#8217;hort, pastissos de la casa, batuts i sucs naturals.<\/p>\n<p><!-- \/wp:paragraph --><!-- wp:paragraph --><\/p>\n<p>-Al lloguer no est\u00e0 inclosa la cuina.<\/p>\n<p><!-- \/wp:paragraph --><!-- wp:paragraph --><\/p>\n<p>-Servei de sopars, opcional i personalitzat.<\/p>\n","protected":false},"excerpt":{"rendered":"<p>Tota la masia per a tu Somnis de l\u00b4Empord\u00e0 ofereix l\u00b4opci\u00f3 de reservar la masia integra per a grups i fam\u00edlies que vulguin privadesa, exclusivitat i calma. -Capacitat entre 1 persona i 15 persones. Cinc suites dobles i una suite doble familiar amb dues habitacions -Servei de neteja diari. -Esmorzar bufet personalitzat amb productes locals [&hellip;]<\/p>\n","protected":false},"author":1,"featured_media":0,"parent":0,"menu_order":0,"comment_status":"closed","ping_status":"closed","template":"","meta":{"_joinchat":[],"footnotes":""},"class_list":["post-1681","page","type-page","status-publish","hentry"],"yoast_head":"<!-- This site is optimized with the Yoast SEO plugin v27.5 - https:\/\/yoast.com\/product\/yoast-seo-wordpress\/ -->\n<title>Masia completa - Somnis de l&#039;Empord\u00e0<\/title>\n<meta name=\"robots\" content=\"index, follow, max-snippet:-1, max-image-preview:large, max-video-preview:-1\" \/>\n<link rel=\"canonical\" href=\"https:\/\/somnisdelemporda.com\/ca\/masia-completa\/\" \/>\n<meta property=\"og:locale\" content=\"ca_ES\" \/>\n<meta property=\"og:type\" content=\"article\" \/>\n<meta property=\"og:title\" content=\"Masia completa - Somnis de l&#039;Empord\u00e0\" \/>\n<meta property=\"og:description\" content=\"Tota la masia per a tu Somnis de l\u00b4Empord\u00e0 ofereix l\u00b4opci\u00f3 de reservar la masia integra per a grups i fam\u00edlies que vulguin privadesa, exclusivitat i calma. -Capacitat entre 1 persona i 15 persones. Cinc suites dobles i una suite doble familiar amb dues habitacions -Servei de neteja diari. -Esmorzar bufet personalitzat amb productes locals [&hellip;]\" \/>\n<meta property=\"og:url\" content=\"https:\/\/somnisdelemporda.com\/ca\/masia-completa\/\" \/>\n<meta property=\"og:site_name\" content=\"Somnis de l&#039;Empord\u00e0\" \/>\n<meta property=\"article:publisher\" content=\"https:\/\/www.facebook.com\/people\/Somnis-de-l-Empord\/100063805333548\/\" \/>\n<meta property=\"article:modified_time\" content=\"2024-06-18T13:30:47+00:00\" \/>\n<meta name=\"twitter:card\" content=\"summary_large_image\" \/>\n<script type=\"application\/ld+json\" class=\"yoast-schema-graph\">{\"@context\":\"https:\\\/\\\/schema.org\",\"@graph\":[{\"@type\":\"WebPage\",\"@id\":\"https:\\\/\\\/somnisdelemporda.com\\\/ca\\\/masia-completa\\\/\",\"url\":\"https:\\\/\\\/somnisdelemporda.com\\\/ca\\\/masia-completa\\\/\",\"name\":\"Masia completa - Somnis de l&#039;Empord\u00e0\",\"isPartOf\":{\"@id\":\"https:\\\/\\\/somnisdelemporda.com\\\/ca\\\/#website\"},\"datePublished\":\"2024-06-18T13:29:09+00:00\",\"dateModified\":\"2024-06-18T13:30:47+00:00\",\"breadcrumb\":{\"@id\":\"https:\\\/\\\/somnisdelemporda.com\\\/ca\\\/masia-completa\\\/#breadcrumb\"},\"inLanguage\":\"ca\",\"potentialAction\":[{\"@type\":\"ReadAction\",\"target\":[\"https:\\\/\\\/somnisdelemporda.com\\\/ca\\\/masia-completa\\\/\"]}]},{\"@type\":\"BreadcrumbList\",\"@id\":\"https:\\\/\\\/somnisdelemporda.com\\\/ca\\\/masia-completa\\\/#breadcrumb\",\"itemListElement\":[{\"@type\":\"ListItem\",\"position\":1,\"name\":\"Portada\",\"item\":\"https:\\\/\\\/somnisdelemporda.com\\\/ca\\\/\"},{\"@type\":\"ListItem\",\"position\":2,\"name\":\"Masia completa\"}]},{\"@type\":\"WebSite\",\"@id\":\"https:\\\/\\\/somnisdelemporda.com\\\/ca\\\/#website\",\"url\":\"https:\\\/\\\/somnisdelemporda.com\\\/ca\\\/\",\"name\":\"Somnis de l'Empord\u00e0\",\"description\":\"Mas\u00eda rural en el coraz\u00f3n de l&#039;Empord\u00e0\",\"publisher\":{\"@id\":\"https:\\\/\\\/somnisdelemporda.com\\\/ca\\\/#organization\"},\"potentialAction\":[{\"@type\":\"SearchAction\",\"target\":{\"@type\":\"EntryPoint\",\"urlTemplate\":\"https:\\\/\\\/somnisdelemporda.com\\\/ca\\\/?s={search_term_string}\"},\"query-input\":{\"@type\":\"PropertyValueSpecification\",\"valueRequired\":true,\"valueName\":\"search_term_string\"}}],\"inLanguage\":\"ca\"},{\"@type\":\"Organization\",\"@id\":\"https:\\\/\\\/somnisdelemporda.com\\\/ca\\\/#organization\",\"name\":\"Somnis de l'Empord\u00e0\",\"url\":\"https:\\\/\\\/somnisdelemporda.com\\\/ca\\\/\",\"logo\":{\"@type\":\"ImageObject\",\"inLanguage\":\"ca\",\"@id\":\"https:\\\/\\\/somnisdelemporda.com\\\/ca\\\/#\\\/schema\\\/logo\\\/image\\\/\",\"url\":\"https:\\\/\\\/somnisdelemporda.com\\\/wp-content\\\/uploads\\\/2023\\\/03\\\/logo-somnis-de-lemporda_Logo-sans-serif.svg\",\"contentUrl\":\"https:\\\/\\\/somnisdelemporda.com\\\/wp-content\\\/uploads\\\/2023\\\/03\\\/logo-somnis-de-lemporda_Logo-sans-serif.svg\",\"caption\":\"Somnis de l'Empord\u00e0\"},\"image\":{\"@id\":\"https:\\\/\\\/somnisdelemporda.com\\\/ca\\\/#\\\/schema\\\/logo\\\/image\\\/\"},\"sameAs\":[\"https:\\\/\\\/www.facebook.com\\\/people\\\/Somnis-de-l-Empord\\\/100063805333548\\\/\"]}]}<\/script>\n<!-- \/ Yoast SEO plugin. -->","yoast_head_json":{"title":"Masia completa - Somnis de l&#039;Empord\u00e0","robots":{"index":"index","follow":"follow","max-snippet":"max-snippet:-1","max-image-preview":"max-image-preview:large","max-video-preview":"max-video-preview:-1"},"canonical":"https:\/\/somnisdelemporda.com\/ca\/masia-completa\/","og_locale":"ca_ES","og_type":"article","og_title":"Masia completa - Somnis de l&#039;Empord\u00e0","og_description":"Tota la masia per a tu Somnis de l\u00b4Empord\u00e0 ofereix l\u00b4opci\u00f3 de reservar la masia integra per a grups i fam\u00edlies que vulguin privadesa, exclusivitat i calma. -Capacitat entre 1 persona i 15 persones. Cinc suites dobles i una suite doble familiar amb dues habitacions -Servei de neteja diari. -Esmorzar bufet personalitzat amb productes locals [&hellip;]","og_url":"https:\/\/somnisdelemporda.com\/ca\/masia-completa\/","og_site_name":"Somnis de l&#039;Empord\u00e0","article_publisher":"https:\/\/www.facebook.com\/people\/Somnis-de-l-Empord\/100063805333548\/","article_modified_time":"2024-06-18T13:30:47+00:00","twitter_card":"summary_large_image","schema":{"@context":"https:\/\/schema.org","@graph":[{"@type":"WebPage","@id":"https:\/\/somnisdelemporda.com\/ca\/masia-completa\/","url":"https:\/\/somnisdelemporda.com\/ca\/masia-completa\/","name":"Masia completa - Somnis de l&#039;Empord\u00e0","isPartOf":{"@id":"https:\/\/somnisdelemporda.com\/ca\/#website"},"datePublished":"2024-06-18T13:29:09+00:00","dateModified":"2024-06-18T13:30:47+00:00","breadcrumb":{"@id":"https:\/\/somnisdelemporda.com\/ca\/masia-completa\/#breadcrumb"},"inLanguage":"ca","potentialAction":[{"@type":"ReadAction","target":["https:\/\/somnisdelemporda.com\/ca\/masia-completa\/"]}]},{"@type":"BreadcrumbList","@id":"https:\/\/somnisdelemporda.com\/ca\/masia-completa\/#breadcrumb","itemListElement":[{"@type":"ListItem","position":1,"name":"Portada","item":"https:\/\/somnisdelemporda.com\/ca\/"},{"@type":"ListItem","position":2,"name":"Masia completa"}]},{"@type":"WebSite","@id":"https:\/\/somnisdelemporda.com\/ca\/#website","url":"https:\/\/somnisdelemporda.com\/ca\/","name":"Somnis de l'Empord\u00e0","description":"Mas\u00eda rural en el coraz\u00f3n de l&#039;Empord\u00e0","publisher":{"@id":"https:\/\/somnisdelemporda.com\/ca\/#organization"},"potentialAction":[{"@type":"SearchAction","target":{"@type":"EntryPoint","urlTemplate":"https:\/\/somnisdelemporda.com\/ca\/?s={search_term_string}"},"query-input":{"@type":"PropertyValueSpecification","valueRequired":true,"valueName":"search_term_string"}}],"inLanguage":"ca"},{"@type":"Organization","@id":"https:\/\/somnisdelemporda.com\/ca\/#organization","name":"Somnis de l'Empord\u00e0","url":"https:\/\/somnisdelemporda.com\/ca\/","logo":{"@type":"ImageObject","inLanguage":"ca","@id":"https:\/\/somnisdelemporda.com\/ca\/#\/schema\/logo\/image\/","url":"https:\/\/somnisdelemporda.com\/wp-content\/uploads\/2023\/03\/logo-somnis-de-lemporda_Logo-sans-serif.svg","contentUrl":"https:\/\/somnisdelemporda.com\/wp-content\/uploads\/2023\/03\/logo-somnis-de-lemporda_Logo-sans-serif.svg","caption":"Somnis de l'Empord\u00e0"},"image":{"@id":"https:\/\/somnisdelemporda.com\/ca\/#\/schema\/logo\/image\/"},"sameAs":["https:\/\/www.facebook.com\/people\/Somnis-de-l-Empord\/100063805333548\/"]}]}},"_links":{"self":[{"href":"https:\/\/somnisdelemporda.com\/ca\/wp-json\/wp\/v2\/pages\/1681","targetHints":{"allow":["GET"]}}],"collection":[{"href":"https:\/\/somnisdelemporda.com\/ca\/wp-json\/wp\/v2\/pages"}],"about":[{"href":"https:\/\/somnisdelemporda.com\/ca\/wp-json\/wp\/v2\/types\/page"}],"author":[{"embeddable":true,"href":"https:\/\/somnisdelemporda.com\/ca\/wp-json\/wp\/v2\/users\/1"}],"replies":[{"embeddable":true,"href":"https:\/\/somnisdelemporda.com\/ca\/wp-json\/wp\/v2\/comments?post=1681"}],"version-history":[{"count":2,"href":"https:\/\/somnisdelemporda.com\/ca\/wp-json\/wp\/v2\/pages\/1681\/revisions"}],"predecessor-version":[{"id":1683,"href":"https:\/\/somnisdelemporda.com\/ca\/wp-json\/wp\/v2\/pages\/1681\/revisions\/1683"}],"wp:attachment":[{"href":"https:\/\/somnisdelemporda.com\/ca\/wp-json\/wp\/v2\/media?parent=1681"}],"curies":[{"name":"wp","href":"https:\/\/api.w.org\/{rel}","templated":true}]}}

<h2 class="wp-block-heading">Tota la masia per a tu</h2>
<p><!-- /wp:post-content --><!-- wp:paragraph --></p>
<p>Somnis de l´Empordà ofereix l´opció de reservar la masia integra per a grups i famílies que vulguin privadesa, exclusivitat i calma.</p>
<p><!-- /wp:paragraph --><!-- wp:paragraph --></p>
<p>-Capacitat entre 1 persona i 15 persones. Cinc suites dobles i una suite doble familiar amb dues habitacions</p>
<p><!-- /wp:paragraph --><!-- wp:paragraph --></p>
<p>-Servei de neteja diari.</p>
<p><!-- /wp:paragraph --><!-- wp:paragraph --></p>
<p>-Esmorzar bufet personalitzat amb productes locals com embotits, pernil ibèric, ous del nostre galliner, fruites i verdures de l&#8217;hort, pastissos de la casa, batuts i sucs naturals.</p>
<p><!-- /wp:paragraph --><!-- wp:paragraph --></p>
<p>-Al lloguer no està inclosa la cuina.</p>
<p><!-- /wp:paragraph --><!-- wp:paragraph --></p>
<p>-Servei de sopars, opcional i personalitzat.</p>

<p>Tota la masia per a tu Somnis de l´Empordà ofereix l´opció de reservar la masia integra per a grups i famílies que vulguin privadesa, exclusivitat i calma. -Capacitat entre 1 persona i 15 persones. Cinc suites dobles i una suite doble familiar amb dues habitacions -Servei de neteja diari. -Esmorzar bufet personalitzat amb productes locals [&hellip;]</p>

<!-- This site is optimized with the Yoast SEO plugin v27.5 - https://yoast.com/product/yoast-seo-wordpress/ -->
<title>Masia completa - Somnis de l&#039;Empordà</title>
<meta name="robots" content="index, follow, max-snippet:-1, max-image-preview:large, max-video-preview:-1" />
<link rel="canonical" href="https://somnisdelemporda.com/ca/masia-completa/" />
<meta property="og:locale" content="ca_ES" />
<meta property="og:type" content="article" />
<meta property="og:title" content="Masia completa - Somnis de l&#039;Empordà" />
<meta property="og:description" content="Tota la masia per a tu Somnis de l´Empordà ofereix l´opció de reservar la masia integra per a grups i famílies que vulguin privadesa, exclusivitat i calma. -Capacitat entre 1 persona i 15 persones. Cinc suites dobles i una suite doble familiar amb dues habitacions -Servei de neteja diari. -Esmorzar bufet personalitzat amb productes locals [&hellip;]" />
<meta property="og:url" content="https://somnisdelemporda.com/ca/masia-completa/" />
<meta property="og:site_name" content="Somnis de l&#039;Empordà" />
<meta property="article:publisher" content="https://www.facebook.com/people/Somnis-de-l-Empord/100063805333548/" />
<meta property="article:modified_time" content="2024-06-18T13:30:47+00:00" />
<meta name="twitter:card" content="summary_large_image" />
<script type="application/ld+json" class="yoast-schema-graph">{"@context":"https:\/\/schema.org","@graph":[{"@type":"WebPage","@id":"https:\/\/somnisdelemporda.com\/ca\/masia-completa\/","url":"https:\/\/somnisdelemporda.com\/ca\/masia-completa\/","name":"Masia completa - Somnis de l&#039;Empordà","isPartOf":{"@id":"https:\/\/somnisdelemporda.com\/ca\/#website"},"datePublished":"2024-06-18T13:29:09+00:00","dateModified":"2024-06-18T13:30:47+00:00","breadcrumb":{"@id":"https:\/\/somnisdelemporda.com\/ca\/masia-completa\/#breadcrumb"},"inLanguage":"ca","potentialAction":[{"@type":"ReadAction","target":["https:\/\/somnisdelemporda.com\/ca\/masia-completa\/"]}]},{"@type":"BreadcrumbList","@id":"https:\/\/somnisdelemporda.com\/ca\/masia-completa\/#breadcrumb","itemListElement":[{"@type":"ListItem","position":1,"name":"Portada","item":"https:\/\/somnisdelemporda.com\/ca\/"},{"@type":"ListItem","position":2,"name":"Masia completa"}]},{"@type":"WebSite","@id":"https:\/\/somnisdelemporda.com\/ca\/#website","url":"https:\/\/somnisdelemporda.com\/ca\/","name":"Somnis de l'Empordà","description":"Masía rural en el corazón de l&#039;Empordà","publisher":{"@id":"https:\/\/somnisdelemporda.com\/ca\/#organization"},"potentialAction":[{"@type":"SearchAction","target":{"@type":"EntryPoint","urlTemplate":"https:\/\/somnisdelemporda.com\/ca\/?s={search_term_string}"},"query-input":{"@type":"PropertyValueSpecification","valueRequired":true,"valueName":"search_term_string"}}],"inLanguage":"ca"},{"@type":"Organization","@id":"https:\/\/somnisdelemporda.com\/ca\/#organization","name":"Somnis de l'Empordà","url":"https:\/\/somnisdelemporda.com\/ca\/","logo":{"@type":"ImageObject","inLanguage":"ca","@id":"https:\/\/somnisdelemporda.com\/ca\/#\/schema\/logo\/image\/","url":"https:\/\/somnisdelemporda.com\/wp-content\/uploads\/2023\/03\/logo-somnis-de-lemporda_Logo-sans-serif.svg","contentUrl":"https:\/\/somnisdelemporda.com\/wp-content\/uploads\/2023\/03\/logo-somnis-de-lemporda_Logo-sans-serif.svg","caption":"Somnis de l'Empordà"},"image":{"@id":"https:\/\/somnisdelemporda.com\/ca\/#\/schema\/logo\/image\/"},"sameAs":["https:\/\/www.facebook.com\/people\/Somnis-de-l-Empord\/100063805333548\/"]}]}</script>
<!-- / Yoast SEO plugin. -->

Masia completa - Somnis de l&#039;Empordà

Tota la masia per a tu Somnis de l´Empordà ofereix l´opció de reservar la masia integra per a grups i famílies que vulguin privadesa, exclusivitat i calma. -Capacitat entre 1 persona i 15 persones. Cinc suites dobles i una suite doble familiar amb dues habitacions -Servei de neteja diari. -Esmorzar bufet personalitzat amb productes locals [&hellip;]

Somnis de l&#039;Empordà

Somnis de l'Empordà

Masía rural en el corazón de l&#039;Empordà
