{"id":1239,"date":"2023-03-16T10:56:51","date_gmt":"2023-03-16T10:56:51","guid":{"rendered":"https:\/\/somnisdelemporda.com\/rooms\/suite-ocre\/"},"modified":"2023-05-03T14:45:30","modified_gmt":"2023-05-03T14:45:30","slug":"suite-ocre","status":"publish","type":"rooms","link":"https:\/\/somnisdelemporda.com\/ca\/rooms\/suite-ocre\/","title":{"rendered":"Suite Ocre"},"content":{"rendered":"&#13;\n<p>Desperta cada mat\u00ed amb llum natural i aire fresc del jard\u00ed entrant pels finestrals, sent com flueix l&#8217;energia connectant l&#8217;exterior amb l&#8217;interior de l&#8217;habitaci\u00f3 i relaxa&#8217;t amb un bany per a dos a la banyera rodona d&#8217;hidromassatge amb amenities de Rituals i espelmes arom\u00e0tiques .<\/p>&#13;\n&#13;\n<p>Situada a la planta baixa de la masia davant del jard\u00ed, consta de 50 m dividits en dues habitacions interconnectades i dissenyades especialment per a la comoditat de les fam\u00edlies que busquen tranquil\u00b7litat i privadesa.<\/p>&#13;\n&#13;\n<p>Opci\u00f3 a afegir una tercera habitaci\u00f3 i disposar del pati interior enjardinat de forma exclusiva escollint la suite \u00f2xid.<\/p>&#13;\n&#13;\n<p>Mides 50m, habitaci\u00f3 principal: llit King size (180mx2m), habitaci\u00f3 doble: 2 llits individuals de 90x2m, acc\u00e9s al jard\u00ed, butaca de pell giratori, taules i cadires, bany ampli amb mobiliari de teka, dutxa amb efecte pluja, banyera rodona doble d&#8217;hidromassatge, dos aires condicionats, minibar, cafetera, dues TV pantalla plana, wifi gratu\u00eft, amenities de la marca Rituals.<\/p>&#13;\n&#13;\n<p>En el preu de la suite inclou un delici\u00f3s bufet d&#8217;esmorzar amb productes locals com embotits, pernil ib\u00e8ric, ous del nostre galliner, fruites i verdures de l&#8217;hort, pastissos de la casa, batuts i sucs naturals.<\/p>&#13;\n\r\n<blockquote class=\"wp-block-quote is-layout-flow wp-block-quote-is-layout-flow\">&#13;\n<p>Opci\u00f3 d&#8217;escollir la suite <a href=\"https:\/\/somnisdelemporda.com\/ca\/rooms\/suite-oxid\/\" data-type=\"rooms\" data-id=\"757\">Oxid<\/a> i Ocre per tenir una zona exclusiva.<\/p>&#13;\n<\/blockquote>\r\n","protected":false},"excerpt":{"rendered":"<p>&#13; Desperta cada mat\u00ed amb llum natural i aire fresc del jard\u00ed entrant pels finestrals, sent com flueix l&#8217;energia connectant l&#8217;exterior amb l&#8217;interior de l&#8217;habitaci\u00f3 i relaxa&#8217;t amb un bany per a dos a la banyera rodona d&#8217;hidromassatge amb amenities de Rituals i espelmes arom\u00e0tiques . &#13; &#13; Situada a la planta baixa de la [&hellip;]<\/p>\n","protected":false},"featured_media":809,"template":"","meta":{"_joinchat":[],"footnotes":""},"class_list":["post-1239","rooms","type-rooms","status-publish","has-post-thumbnail","hentry"],"yoast_head":"<!-- This site is optimized with the Yoast SEO plugin v27.5 - https:\/\/yoast.com\/product\/yoast-seo-wordpress\/ -->\n<title>Suite Ocre - Somnis de l&#039;Empord\u00e0<\/title>\n<meta name=\"robots\" content=\"index, follow, max-snippet:-1, max-image-preview:large, max-video-preview:-1\" \/>\n<link rel=\"canonical\" href=\"https:\/\/somnisdelemporda.com\/ca\/rooms\/suite-ocre\/\" \/>\n<meta property=\"og:locale\" content=\"ca_ES\" \/>\n<meta property=\"og:type\" content=\"article\" \/>\n<meta property=\"og:title\" content=\"Suite Ocre - Somnis de l&#039;Empord\u00e0\" \/>\n<meta property=\"og:description\" content=\"&#013; Desperta cada mat\u00ed amb llum natural i aire fresc del jard\u00ed entrant pels finestrals, sent com flueix l&#8217;energia connectant l&#8217;exterior amb l&#8217;interior de l&#8217;habitaci\u00f3 i relaxa&#8217;t amb un bany per a dos a la banyera rodona d&#8217;hidromassatge amb amenities de Rituals i espelmes arom\u00e0tiques . &#013; &#013; Situada a la planta baixa de la [&hellip;]\" \/>\n<meta property=\"og:url\" content=\"https:\/\/somnisdelemporda.com\/ca\/rooms\/suite-ocre\/\" \/>\n<meta property=\"og:site_name\" content=\"Somnis de l&#039;Empord\u00e0\" \/>\n<meta property=\"article:publisher\" content=\"https:\/\/www.facebook.com\/people\/Somnis-de-l-Empord\/100063805333548\/\" \/>\n<meta property=\"article:modified_time\" content=\"2023-05-03T14:45:30+00:00\" \/>\n<meta property=\"og:image\" content=\"https:\/\/somnisdelemporda.com\/wp-content\/uploads\/2023\/03\/B2A1888-scaled.jpg\" \/>\n\t<meta property=\"og:image:width\" content=\"2560\" \/>\n\t<meta property=\"og:image:height\" content=\"1707\" \/>\n\t<meta property=\"og:image:type\" content=\"image\/jpeg\" \/>\n<meta name=\"twitter:card\" content=\"summary_large_image\" \/>\n<meta name=\"twitter:label1\" content=\"Temps estimat de lectura\" \/>\n\t<meta name=\"twitter:data1\" content=\"1 minut\" \/>\n<script type=\"application\/ld+json\" class=\"yoast-schema-graph\">{\"@context\":\"https:\\\/\\\/schema.org\",\"@graph\":[{\"@type\":\"WebPage\",\"@id\":\"https:\\\/\\\/somnisdelemporda.com\\\/ca\\\/rooms\\\/suite-ocre\\\/\",\"url\":\"https:\\\/\\\/somnisdelemporda.com\\\/ca\\\/rooms\\\/suite-ocre\\\/\",\"name\":\"Suite Ocre - Somnis de l&#039;Empord\u00e0\",\"isPartOf\":{\"@id\":\"https:\\\/\\\/somnisdelemporda.com\\\/ca\\\/#website\"},\"primaryImageOfPage\":{\"@id\":\"https:\\\/\\\/somnisdelemporda.com\\\/ca\\\/rooms\\\/suite-ocre\\\/#primaryimage\"},\"image\":{\"@id\":\"https:\\\/\\\/somnisdelemporda.com\\\/ca\\\/rooms\\\/suite-ocre\\\/#primaryimage\"},\"thumbnailUrl\":\"https:\\\/\\\/somnisdelemporda.com\\\/wp-content\\\/uploads\\\/2023\\\/03\\\/B2A1888-scaled.jpg\",\"datePublished\":\"2023-03-16T10:56:51+00:00\",\"dateModified\":\"2023-05-03T14:45:30+00:00\",\"breadcrumb\":{\"@id\":\"https:\\\/\\\/somnisdelemporda.com\\\/ca\\\/rooms\\\/suite-ocre\\\/#breadcrumb\"},\"inLanguage\":\"ca\",\"potentialAction\":[{\"@type\":\"ReadAction\",\"target\":[\"https:\\\/\\\/somnisdelemporda.com\\\/ca\\\/rooms\\\/suite-ocre\\\/\"]}]},{\"@type\":\"ImageObject\",\"inLanguage\":\"ca\",\"@id\":\"https:\\\/\\\/somnisdelemporda.com\\\/ca\\\/rooms\\\/suite-ocre\\\/#primaryimage\",\"url\":\"https:\\\/\\\/somnisdelemporda.com\\\/wp-content\\\/uploads\\\/2023\\\/03\\\/B2A1888-scaled.jpg\",\"contentUrl\":\"https:\\\/\\\/somnisdelemporda.com\\\/wp-content\\\/uploads\\\/2023\\\/03\\\/B2A1888-scaled.jpg\",\"width\":2560,\"height\":1707},{\"@type\":\"BreadcrumbList\",\"@id\":\"https:\\\/\\\/somnisdelemporda.com\\\/ca\\\/rooms\\\/suite-ocre\\\/#breadcrumb\",\"itemListElement\":[{\"@type\":\"ListItem\",\"position\":1,\"name\":\"Portada\",\"item\":\"https:\\\/\\\/somnisdelemporda.com\\\/ca\\\/\"},{\"@type\":\"ListItem\",\"position\":2,\"name\":\"Rooms\",\"item\":\"https:\\\/\\\/somnisdelemporda.com\\\/ca\\\/rooms\\\/\"},{\"@type\":\"ListItem\",\"position\":3,\"name\":\"Suite Ocre\"}]},{\"@type\":\"WebSite\",\"@id\":\"https:\\\/\\\/somnisdelemporda.com\\\/ca\\\/#website\",\"url\":\"https:\\\/\\\/somnisdelemporda.com\\\/ca\\\/\",\"name\":\"Somnis de l'Empord\u00e0\",\"description\":\"Mas\u00eda rural en el coraz\u00f3n de l&#039;Empord\u00e0\",\"publisher\":{\"@id\":\"https:\\\/\\\/somnisdelemporda.com\\\/ca\\\/#organization\"},\"potentialAction\":[{\"@type\":\"SearchAction\",\"target\":{\"@type\":\"EntryPoint\",\"urlTemplate\":\"https:\\\/\\\/somnisdelemporda.com\\\/ca\\\/?s={search_term_string}\"},\"query-input\":{\"@type\":\"PropertyValueSpecification\",\"valueRequired\":true,\"valueName\":\"search_term_string\"}}],\"inLanguage\":\"ca\"},{\"@type\":\"Organization\",\"@id\":\"https:\\\/\\\/somnisdelemporda.com\\\/ca\\\/#organization\",\"name\":\"Somnis de l'Empord\u00e0\",\"url\":\"https:\\\/\\\/somnisdelemporda.com\\\/ca\\\/\",\"logo\":{\"@type\":\"ImageObject\",\"inLanguage\":\"ca\",\"@id\":\"https:\\\/\\\/somnisdelemporda.com\\\/ca\\\/#\\\/schema\\\/logo\\\/image\\\/\",\"url\":\"https:\\\/\\\/somnisdelemporda.com\\\/wp-content\\\/uploads\\\/2023\\\/03\\\/logo-somnis-de-lemporda_Logo-sans-serif.svg\",\"contentUrl\":\"https:\\\/\\\/somnisdelemporda.com\\\/wp-content\\\/uploads\\\/2023\\\/03\\\/logo-somnis-de-lemporda_Logo-sans-serif.svg\",\"caption\":\"Somnis de l'Empord\u00e0\"},\"image\":{\"@id\":\"https:\\\/\\\/somnisdelemporda.com\\\/ca\\\/#\\\/schema\\\/logo\\\/image\\\/\"},\"sameAs\":[\"https:\\\/\\\/www.facebook.com\\\/people\\\/Somnis-de-l-Empord\\\/100063805333548\\\/\"]}]}<\/script>\n<!-- \/ Yoast SEO plugin. -->","yoast_head_json":{"title":"Suite Ocre - Somnis de l&#039;Empord\u00e0","robots":{"index":"index","follow":"follow","max-snippet":"max-snippet:-1","max-image-preview":"max-image-preview:large","max-video-preview":"max-video-preview:-1"},"canonical":"https:\/\/somnisdelemporda.com\/ca\/rooms\/suite-ocre\/","og_locale":"ca_ES","og_type":"article","og_title":"Suite Ocre - Somnis de l&#039;Empord\u00e0","og_description":"&#13; Desperta cada mat\u00ed amb llum natural i aire fresc del jard\u00ed entrant pels finestrals, sent com flueix l&#8217;energia connectant l&#8217;exterior amb l&#8217;interior de l&#8217;habitaci\u00f3 i relaxa&#8217;t amb un bany per a dos a la banyera rodona d&#8217;hidromassatge amb amenities de Rituals i espelmes arom\u00e0tiques . &#13; &#13; Situada a la planta baixa de la [&hellip;]","og_url":"https:\/\/somnisdelemporda.com\/ca\/rooms\/suite-ocre\/","og_site_name":"Somnis de l&#039;Empord\u00e0","article_publisher":"https:\/\/www.facebook.com\/people\/Somnis-de-l-Empord\/100063805333548\/","article_modified_time":"2023-05-03T14:45:30+00:00","og_image":[{"width":2560,"height":1707,"url":"https:\/\/somnisdelemporda.com\/wp-content\/uploads\/2023\/03\/B2A1888-scaled.jpg","type":"image\/jpeg"}],"twitter_card":"summary_large_image","twitter_misc":{"Temps estimat de lectura":"1 minut"},"schema":{"@context":"https:\/\/schema.org","@graph":[{"@type":"WebPage","@id":"https:\/\/somnisdelemporda.com\/ca\/rooms\/suite-ocre\/","url":"https:\/\/somnisdelemporda.com\/ca\/rooms\/suite-ocre\/","name":"Suite Ocre - Somnis de l&#039;Empord\u00e0","isPartOf":{"@id":"https:\/\/somnisdelemporda.com\/ca\/#website"},"primaryImageOfPage":{"@id":"https:\/\/somnisdelemporda.com\/ca\/rooms\/suite-ocre\/#primaryimage"},"image":{"@id":"https:\/\/somnisdelemporda.com\/ca\/rooms\/suite-ocre\/#primaryimage"},"thumbnailUrl":"https:\/\/somnisdelemporda.com\/wp-content\/uploads\/2023\/03\/B2A1888-scaled.jpg","datePublished":"2023-03-16T10:56:51+00:00","dateModified":"2023-05-03T14:45:30+00:00","breadcrumb":{"@id":"https:\/\/somnisdelemporda.com\/ca\/rooms\/suite-ocre\/#breadcrumb"},"inLanguage":"ca","potentialAction":[{"@type":"ReadAction","target":["https:\/\/somnisdelemporda.com\/ca\/rooms\/suite-ocre\/"]}]},{"@type":"ImageObject","inLanguage":"ca","@id":"https:\/\/somnisdelemporda.com\/ca\/rooms\/suite-ocre\/#primaryimage","url":"https:\/\/somnisdelemporda.com\/wp-content\/uploads\/2023\/03\/B2A1888-scaled.jpg","contentUrl":"https:\/\/somnisdelemporda.com\/wp-content\/uploads\/2023\/03\/B2A1888-scaled.jpg","width":2560,"height":1707},{"@type":"BreadcrumbList","@id":"https:\/\/somnisdelemporda.com\/ca\/rooms\/suite-ocre\/#breadcrumb","itemListElement":[{"@type":"ListItem","position":1,"name":"Portada","item":"https:\/\/somnisdelemporda.com\/ca\/"},{"@type":"ListItem","position":2,"name":"Rooms","item":"https:\/\/somnisdelemporda.com\/ca\/rooms\/"},{"@type":"ListItem","position":3,"name":"Suite Ocre"}]},{"@type":"WebSite","@id":"https:\/\/somnisdelemporda.com\/ca\/#website","url":"https:\/\/somnisdelemporda.com\/ca\/","name":"Somnis de l'Empord\u00e0","description":"Mas\u00eda rural en el coraz\u00f3n de l&#039;Empord\u00e0","publisher":{"@id":"https:\/\/somnisdelemporda.com\/ca\/#organization"},"potentialAction":[{"@type":"SearchAction","target":{"@type":"EntryPoint","urlTemplate":"https:\/\/somnisdelemporda.com\/ca\/?s={search_term_string}"},"query-input":{"@type":"PropertyValueSpecification","valueRequired":true,"valueName":"search_term_string"}}],"inLanguage":"ca"},{"@type":"Organization","@id":"https:\/\/somnisdelemporda.com\/ca\/#organization","name":"Somnis de l'Empord\u00e0","url":"https:\/\/somnisdelemporda.com\/ca\/","logo":{"@type":"ImageObject","inLanguage":"ca","@id":"https:\/\/somnisdelemporda.com\/ca\/#\/schema\/logo\/image\/","url":"https:\/\/somnisdelemporda.com\/wp-content\/uploads\/2023\/03\/logo-somnis-de-lemporda_Logo-sans-serif.svg","contentUrl":"https:\/\/somnisdelemporda.com\/wp-content\/uploads\/2023\/03\/logo-somnis-de-lemporda_Logo-sans-serif.svg","caption":"Somnis de l'Empord\u00e0"},"image":{"@id":"https:\/\/somnisdelemporda.com\/ca\/#\/schema\/logo\/image\/"},"sameAs":["https:\/\/www.facebook.com\/people\/Somnis-de-l-Empord\/100063805333548\/"]}]}},"_links":{"self":[{"href":"https:\/\/somnisdelemporda.com\/ca\/wp-json\/wp\/v2\/rooms\/1239","targetHints":{"allow":["GET"]}}],"collection":[{"href":"https:\/\/somnisdelemporda.com\/ca\/wp-json\/wp\/v2\/rooms"}],"about":[{"href":"https:\/\/somnisdelemporda.com\/ca\/wp-json\/wp\/v2\/types\/rooms"}],"version-history":[{"count":7,"href":"https:\/\/somnisdelemporda.com\/ca\/wp-json\/wp\/v2\/rooms\/1239\/revisions"}],"predecessor-version":[{"id":1475,"href":"https:\/\/somnisdelemporda.com\/ca\/wp-json\/wp\/v2\/rooms\/1239\/revisions\/1475"}],"wp:featuredmedia":[{"embeddable":true,"href":"https:\/\/somnisdelemporda.com\/ca\/wp-json\/wp\/v2\/media\/809"}],"wp:attachment":[{"href":"https:\/\/somnisdelemporda.com\/ca\/wp-json\/wp\/v2\/media?parent=1239"}],"curies":[{"name":"wp","href":"https:\/\/api.w.org\/{rel}","templated":true}]}}

&#13;
<p>Desperta cada matí amb llum natural i aire fresc del jardí entrant pels finestrals, sent com flueix l&#8217;energia connectant l&#8217;exterior amb l&#8217;interior de l&#8217;habitació i relaxa&#8217;t amb un bany per a dos a la banyera rodona d&#8217;hidromassatge amb amenities de Rituals i espelmes aromàtiques .</p>&#13;
&#13;
<p>Situada a la planta baixa de la masia davant del jardí, consta de 50 m dividits en dues habitacions interconnectades i dissenyades especialment per a la comoditat de les famílies que busquen tranquil·litat i privadesa.</p>&#13;
&#13;
<p>Opció a afegir una tercera habitació i disposar del pati interior enjardinat de forma exclusiva escollint la suite òxid.</p>&#13;
&#13;
<p>Mides 50m, habitació principal: llit King size (180mx2m), habitació doble: 2 llits individuals de 90x2m, accés al jardí, butaca de pell giratori, taules i cadires, bany ampli amb mobiliari de teka, dutxa amb efecte pluja, banyera rodona doble d&#8217;hidromassatge, dos aires condicionats, minibar, cafetera, dues TV pantalla plana, wifi gratuït, amenities de la marca Rituals.</p>&#13;
&#13;
<p>En el preu de la suite inclou un deliciós bufet d&#8217;esmorzar amb productes locals com embotits, pernil ibèric, ous del nostre galliner, fruites i verdures de l&#8217;hort, pastissos de la casa, batuts i sucs naturals.</p>&#13;

<blockquote class="wp-block-quote is-layout-flow wp-block-quote-is-layout-flow">&#13;
<p>Opció d&#8217;escollir la suite <a href="https://somnisdelemporda.com/ca/rooms/suite-oxid/" data-type="rooms" data-id="757">Oxid</a> i Ocre per tenir una zona exclusiva.</p>&#13;
</blockquote>

<p>&#13; Desperta cada matí amb llum natural i aire fresc del jardí entrant pels finestrals, sent com flueix l&#8217;energia connectant l&#8217;exterior amb l&#8217;interior de l&#8217;habitació i relaxa&#8217;t amb un bany per a dos a la banyera rodona d&#8217;hidromassatge amb amenities de Rituals i espelmes aromàtiques . &#13; &#13; Situada a la planta baixa de la [&hellip;]</p>

<!-- This site is optimized with the Yoast SEO plugin v27.5 - https://yoast.com/product/yoast-seo-wordpress/ -->
<title>Suite Ocre - Somnis de l&#039;Empordà</title>
<meta name="robots" content="index, follow, max-snippet:-1, max-image-preview:large, max-video-preview:-1" />
<link rel="canonical" href="https://somnisdelemporda.com/ca/rooms/suite-ocre/" />
<meta property="og:locale" content="ca_ES" />
<meta property="og:type" content="article" />
<meta property="og:title" content="Suite Ocre - Somnis de l&#039;Empordà" />
<meta property="og:description" content="&#013; Desperta cada matí amb llum natural i aire fresc del jardí entrant pels finestrals, sent com flueix l&#8217;energia connectant l&#8217;exterior amb l&#8217;interior de l&#8217;habitació i relaxa&#8217;t amb un bany per a dos a la banyera rodona d&#8217;hidromassatge amb amenities de Rituals i espelmes aromàtiques . &#013; &#013; Situada a la planta baixa de la [&hellip;]" />
<meta property="og:url" content="https://somnisdelemporda.com/ca/rooms/suite-ocre/" />
<meta property="og:site_name" content="Somnis de l&#039;Empordà" />
<meta property="article:publisher" content="https://www.facebook.com/people/Somnis-de-l-Empord/100063805333548/" />
<meta property="article:modified_time" content="2023-05-03T14:45:30+00:00" />
<meta property="og:image" content="https://somnisdelemporda.com/wp-content/uploads/2023/03/B2A1888-scaled.jpg" />
	<meta property="og:image:width" content="2560" />
	<meta property="og:image:height" content="1707" />
	<meta property="og:image:type" content="image/jpeg" />
<meta name="twitter:card" content="summary_large_image" />
<meta name="twitter:label1" content="Temps estimat de lectura" />
	<meta name="twitter:data1" content="1 minut" />
<script type="application/ld+json" class="yoast-schema-graph">{"@context":"https:\/\/schema.org","@graph":[{"@type":"WebPage","@id":"https:\/\/somnisdelemporda.com\/ca\/rooms\/suite-ocre\/","url":"https:\/\/somnisdelemporda.com\/ca\/rooms\/suite-ocre\/","name":"Suite Ocre - Somnis de l&#039;Empordà","isPartOf":{"@id":"https:\/\/somnisdelemporda.com\/ca\/#website"},"primaryImageOfPage":{"@id":"https:\/\/somnisdelemporda.com\/ca\/rooms\/suite-ocre\/#primaryimage"},"image":{"@id":"https:\/\/somnisdelemporda.com\/ca\/rooms\/suite-ocre\/#primaryimage"},"thumbnailUrl":"https:\/\/somnisdelemporda.com\/wp-content\/uploads\/2023\/03\/B2A1888-scaled.jpg","datePublished":"2023-03-16T10:56:51+00:00","dateModified":"2023-05-03T14:45:30+00:00","breadcrumb":{"@id":"https:\/\/somnisdelemporda.com\/ca\/rooms\/suite-ocre\/#breadcrumb"},"inLanguage":"ca","potentialAction":[{"@type":"ReadAction","target":["https:\/\/somnisdelemporda.com\/ca\/rooms\/suite-ocre\/"]}]},{"@type":"ImageObject","inLanguage":"ca","@id":"https:\/\/somnisdelemporda.com\/ca\/rooms\/suite-ocre\/#primaryimage","url":"https:\/\/somnisdelemporda.com\/wp-content\/uploads\/2023\/03\/B2A1888-scaled.jpg","contentUrl":"https:\/\/somnisdelemporda.com\/wp-content\/uploads\/2023\/03\/B2A1888-scaled.jpg","width":2560,"height":1707},{"@type":"BreadcrumbList","@id":"https:\/\/somnisdelemporda.com\/ca\/rooms\/suite-ocre\/#breadcrumb","itemListElement":[{"@type":"ListItem","position":1,"name":"Portada","item":"https:\/\/somnisdelemporda.com\/ca\/"},{"@type":"ListItem","position":2,"name":"Rooms","item":"https:\/\/somnisdelemporda.com\/ca\/rooms\/"},{"@type":"ListItem","position":3,"name":"Suite Ocre"}]},{"@type":"WebSite","@id":"https:\/\/somnisdelemporda.com\/ca\/#website","url":"https:\/\/somnisdelemporda.com\/ca\/","name":"Somnis de l'Empordà","description":"Masía rural en el corazón de l&#039;Empordà","publisher":{"@id":"https:\/\/somnisdelemporda.com\/ca\/#organization"},"potentialAction":[{"@type":"SearchAction","target":{"@type":"EntryPoint","urlTemplate":"https:\/\/somnisdelemporda.com\/ca\/?s={search_term_string}"},"query-input":{"@type":"PropertyValueSpecification","valueRequired":true,"valueName":"search_term_string"}}],"inLanguage":"ca"},{"@type":"Organization","@id":"https:\/\/somnisdelemporda.com\/ca\/#organization","name":"Somnis de l'Empordà","url":"https:\/\/somnisdelemporda.com\/ca\/","logo":{"@type":"ImageObject","inLanguage":"ca","@id":"https:\/\/somnisdelemporda.com\/ca\/#\/schema\/logo\/image\/","url":"https:\/\/somnisdelemporda.com\/wp-content\/uploads\/2023\/03\/logo-somnis-de-lemporda_Logo-sans-serif.svg","contentUrl":"https:\/\/somnisdelemporda.com\/wp-content\/uploads\/2023\/03\/logo-somnis-de-lemporda_Logo-sans-serif.svg","caption":"Somnis de l'Empordà"},"image":{"@id":"https:\/\/somnisdelemporda.com\/ca\/#\/schema\/logo\/image\/"},"sameAs":["https:\/\/www.facebook.com\/people\/Somnis-de-l-Empord\/100063805333548\/"]}]}</script>
<!-- / Yoast SEO plugin. -->

Suite Ocre - Somnis de l&#039;Empordà

&#13; Desperta cada matí amb llum natural i aire fresc del jardí entrant pels finestrals, sent com flueix l&#8217;energia connectant l&#8217;exterior amb l&#8217;interior de l&#8217;habitació i relaxa&#8217;t amb un bany per a dos a la banyera rodona d&#8217;hidromassatge amb amenities de Rituals i espelmes aromàtiques . &#13; &#13; Situada a la planta baixa de la [&hellip;]

Somnis de l&#039;Empordà

Somnis de l'Empordà

Masía rural en el corazón de l&#039;Empordà
