{"id":1251,"date":"2023-03-16T10:54:34","date_gmt":"2023-03-16T10:54:34","guid":{"rendered":"https:\/\/somnisdelemporda.com\/rooms\/suite-oxid\/"},"modified":"2023-05-03T14:43:19","modified_gmt":"2023-05-03T14:43:19","slug":"suite-oxid","status":"publish","type":"rooms","link":"https:\/\/somnisdelemporda.com\/ca\/rooms\/suite-oxid\/","title":{"rendered":"Suite Oxid"},"content":{"rendered":"&#13;\n<p>Torna als or\u00edgens i retroba&#8217;t amb tu mateix. Deixa&#8217;t embolicar per la llum natural que entra a trav\u00e9s dels seus finestrals i de l&#8217;harmonia i senzillesa que ofereix la pedra, la fusta i el ferro. Gaudeix de la xemeneia de llenya davant del llit o des de la dutxa de pluja.<\/p>&#13;\n&#13;\n<p>Mides 33 m, planta baixa, vista al pati interior i exterior, llit King size (1,80x2m), \u00e0mplia zona de bany amb dutxa efecte pluja, llar de foc de llenya, aire condicionat, minibar, cafetera, tv pantalla plana, wifi gratu\u00eft, amenities de la marca Rituals<\/p>&#13;\n&#13;\n<p>En el preu de la suite inclou un delici\u00f3s bufet d&#8217;esmorzar amb productes locals com embotits, pernil ib\u00e8ric, ous del nostre galliner, fruites i verdures de l&#8217;hort, pastissos de la casa, batuts i sucs naturals.<\/p>&#13;\n\r\n<blockquote class=\"wp-block-quote is-layout-flow wp-block-quote-is-layout-flow\">&#13;\n<p>Opci\u00f3 d&#8217;escollir la suite Oxid i <a href=\"https:\/\/somnisdelemporda.com\/ca\/rooms\/suite-ocre\/\" data-type=\"rooms\" data-id=\"783\">Ocre<\/a> per tenir una zona exclusiva.<\/p>&#13;\n<\/blockquote>\r\n","protected":false},"excerpt":{"rendered":"<p>&#13; Torna als or\u00edgens i retroba&#8217;t amb tu mateix. Deixa&#8217;t embolicar per la llum natural que entra a trav\u00e9s dels seus finestrals i de l&#8217;harmonia i senzillesa que ofereix la pedra, la fusta i el ferro. Gaudeix de la xemeneia de llenya davant del llit o des de la dutxa de pluja. &#13; &#13; Mides [&hellip;]<\/p>\n","protected":false},"featured_media":779,"template":"","meta":{"_joinchat":[],"footnotes":""},"class_list":["post-1251","rooms","type-rooms","status-publish","has-post-thumbnail","hentry"],"yoast_head":"<!-- This site is optimized with the Yoast SEO plugin v27.5 - https:\/\/yoast.com\/product\/yoast-seo-wordpress\/ -->\n<title>Suite Oxid - Somnis de l&#039;Empord\u00e0<\/title>\n<meta name=\"robots\" content=\"index, follow, max-snippet:-1, max-image-preview:large, max-video-preview:-1\" \/>\n<link rel=\"canonical\" href=\"https:\/\/somnisdelemporda.com\/ca\/rooms\/suite-oxid\/\" \/>\n<meta property=\"og:locale\" content=\"ca_ES\" \/>\n<meta property=\"og:type\" content=\"article\" \/>\n<meta property=\"og:title\" content=\"Suite Oxid - Somnis de l&#039;Empord\u00e0\" \/>\n<meta property=\"og:description\" content=\"&#013; Torna als or\u00edgens i retroba&#8217;t amb tu mateix. Deixa&#8217;t embolicar per la llum natural que entra a trav\u00e9s dels seus finestrals i de l&#8217;harmonia i senzillesa que ofereix la pedra, la fusta i el ferro. Gaudeix de la xemeneia de llenya davant del llit o des de la dutxa de pluja. &#013; &#013; Mides [&hellip;]\" \/>\n<meta property=\"og:url\" content=\"https:\/\/somnisdelemporda.com\/ca\/rooms\/suite-oxid\/\" \/>\n<meta property=\"og:site_name\" content=\"Somnis de l&#039;Empord\u00e0\" \/>\n<meta property=\"article:publisher\" content=\"https:\/\/www.facebook.com\/people\/Somnis-de-l-Empord\/100063805333548\/\" \/>\n<meta property=\"article:modified_time\" content=\"2023-05-03T14:43:19+00:00\" \/>\n<meta property=\"og:image\" content=\"https:\/\/somnisdelemporda.com\/wp-content\/uploads\/2023\/03\/B2A1829-scaled.jpg\" \/>\n\t<meta property=\"og:image:width\" content=\"2560\" \/>\n\t<meta property=\"og:image:height\" content=\"1707\" \/>\n\t<meta property=\"og:image:type\" content=\"image\/jpeg\" \/>\n<meta name=\"twitter:card\" content=\"summary_large_image\" \/>\n<meta name=\"twitter:label1\" content=\"Temps estimat de lectura\" \/>\n\t<meta name=\"twitter:data1\" content=\"1 minut\" \/>\n<script type=\"application\/ld+json\" class=\"yoast-schema-graph\">{\"@context\":\"https:\\\/\\\/schema.org\",\"@graph\":[{\"@type\":\"WebPage\",\"@id\":\"https:\\\/\\\/somnisdelemporda.com\\\/ca\\\/rooms\\\/suite-oxid\\\/\",\"url\":\"https:\\\/\\\/somnisdelemporda.com\\\/ca\\\/rooms\\\/suite-oxid\\\/\",\"name\":\"Suite Oxid - Somnis de l&#039;Empord\u00e0\",\"isPartOf\":{\"@id\":\"https:\\\/\\\/somnisdelemporda.com\\\/ca\\\/#website\"},\"primaryImageOfPage\":{\"@id\":\"https:\\\/\\\/somnisdelemporda.com\\\/ca\\\/rooms\\\/suite-oxid\\\/#primaryimage\"},\"image\":{\"@id\":\"https:\\\/\\\/somnisdelemporda.com\\\/ca\\\/rooms\\\/suite-oxid\\\/#primaryimage\"},\"thumbnailUrl\":\"https:\\\/\\\/somnisdelemporda.com\\\/wp-content\\\/uploads\\\/2023\\\/03\\\/B2A1829-scaled.jpg\",\"datePublished\":\"2023-03-16T10:54:34+00:00\",\"dateModified\":\"2023-05-03T14:43:19+00:00\",\"breadcrumb\":{\"@id\":\"https:\\\/\\\/somnisdelemporda.com\\\/ca\\\/rooms\\\/suite-oxid\\\/#breadcrumb\"},\"inLanguage\":\"ca\",\"potentialAction\":[{\"@type\":\"ReadAction\",\"target\":[\"https:\\\/\\\/somnisdelemporda.com\\\/ca\\\/rooms\\\/suite-oxid\\\/\"]}]},{\"@type\":\"ImageObject\",\"inLanguage\":\"ca\",\"@id\":\"https:\\\/\\\/somnisdelemporda.com\\\/ca\\\/rooms\\\/suite-oxid\\\/#primaryimage\",\"url\":\"https:\\\/\\\/somnisdelemporda.com\\\/wp-content\\\/uploads\\\/2023\\\/03\\\/B2A1829-scaled.jpg\",\"contentUrl\":\"https:\\\/\\\/somnisdelemporda.com\\\/wp-content\\\/uploads\\\/2023\\\/03\\\/B2A1829-scaled.jpg\",\"width\":2560,\"height\":1707},{\"@type\":\"BreadcrumbList\",\"@id\":\"https:\\\/\\\/somnisdelemporda.com\\\/ca\\\/rooms\\\/suite-oxid\\\/#breadcrumb\",\"itemListElement\":[{\"@type\":\"ListItem\",\"position\":1,\"name\":\"Portada\",\"item\":\"https:\\\/\\\/somnisdelemporda.com\\\/ca\\\/\"},{\"@type\":\"ListItem\",\"position\":2,\"name\":\"Rooms\",\"item\":\"https:\\\/\\\/somnisdelemporda.com\\\/ca\\\/rooms\\\/\"},{\"@type\":\"ListItem\",\"position\":3,\"name\":\"Suite Oxid\"}]},{\"@type\":\"WebSite\",\"@id\":\"https:\\\/\\\/somnisdelemporda.com\\\/ca\\\/#website\",\"url\":\"https:\\\/\\\/somnisdelemporda.com\\\/ca\\\/\",\"name\":\"Somnis de l'Empord\u00e0\",\"description\":\"Mas\u00eda rural en el coraz\u00f3n de l&#039;Empord\u00e0\",\"publisher\":{\"@id\":\"https:\\\/\\\/somnisdelemporda.com\\\/ca\\\/#organization\"},\"potentialAction\":[{\"@type\":\"SearchAction\",\"target\":{\"@type\":\"EntryPoint\",\"urlTemplate\":\"https:\\\/\\\/somnisdelemporda.com\\\/ca\\\/?s={search_term_string}\"},\"query-input\":{\"@type\":\"PropertyValueSpecification\",\"valueRequired\":true,\"valueName\":\"search_term_string\"}}],\"inLanguage\":\"ca\"},{\"@type\":\"Organization\",\"@id\":\"https:\\\/\\\/somnisdelemporda.com\\\/ca\\\/#organization\",\"name\":\"Somnis de l'Empord\u00e0\",\"url\":\"https:\\\/\\\/somnisdelemporda.com\\\/ca\\\/\",\"logo\":{\"@type\":\"ImageObject\",\"inLanguage\":\"ca\",\"@id\":\"https:\\\/\\\/somnisdelemporda.com\\\/ca\\\/#\\\/schema\\\/logo\\\/image\\\/\",\"url\":\"https:\\\/\\\/somnisdelemporda.com\\\/wp-content\\\/uploads\\\/2023\\\/03\\\/logo-somnis-de-lemporda_Logo-sans-serif.svg\",\"contentUrl\":\"https:\\\/\\\/somnisdelemporda.com\\\/wp-content\\\/uploads\\\/2023\\\/03\\\/logo-somnis-de-lemporda_Logo-sans-serif.svg\",\"caption\":\"Somnis de l'Empord\u00e0\"},\"image\":{\"@id\":\"https:\\\/\\\/somnisdelemporda.com\\\/ca\\\/#\\\/schema\\\/logo\\\/image\\\/\"},\"sameAs\":[\"https:\\\/\\\/www.facebook.com\\\/people\\\/Somnis-de-l-Empord\\\/100063805333548\\\/\"]}]}<\/script>\n<!-- \/ Yoast SEO plugin. -->","yoast_head_json":{"title":"Suite Oxid - Somnis de l&#039;Empord\u00e0","robots":{"index":"index","follow":"follow","max-snippet":"max-snippet:-1","max-image-preview":"max-image-preview:large","max-video-preview":"max-video-preview:-1"},"canonical":"https:\/\/somnisdelemporda.com\/ca\/rooms\/suite-oxid\/","og_locale":"ca_ES","og_type":"article","og_title":"Suite Oxid - Somnis de l&#039;Empord\u00e0","og_description":"&#13; Torna als or\u00edgens i retroba&#8217;t amb tu mateix. Deixa&#8217;t embolicar per la llum natural que entra a trav\u00e9s dels seus finestrals i de l&#8217;harmonia i senzillesa que ofereix la pedra, la fusta i el ferro. Gaudeix de la xemeneia de llenya davant del llit o des de la dutxa de pluja. &#13; &#13; Mides [&hellip;]","og_url":"https:\/\/somnisdelemporda.com\/ca\/rooms\/suite-oxid\/","og_site_name":"Somnis de l&#039;Empord\u00e0","article_publisher":"https:\/\/www.facebook.com\/people\/Somnis-de-l-Empord\/100063805333548\/","article_modified_time":"2023-05-03T14:43:19+00:00","og_image":[{"width":2560,"height":1707,"url":"https:\/\/somnisdelemporda.com\/wp-content\/uploads\/2023\/03\/B2A1829-scaled.jpg","type":"image\/jpeg"}],"twitter_card":"summary_large_image","twitter_misc":{"Temps estimat de lectura":"1 minut"},"schema":{"@context":"https:\/\/schema.org","@graph":[{"@type":"WebPage","@id":"https:\/\/somnisdelemporda.com\/ca\/rooms\/suite-oxid\/","url":"https:\/\/somnisdelemporda.com\/ca\/rooms\/suite-oxid\/","name":"Suite Oxid - Somnis de l&#039;Empord\u00e0","isPartOf":{"@id":"https:\/\/somnisdelemporda.com\/ca\/#website"},"primaryImageOfPage":{"@id":"https:\/\/somnisdelemporda.com\/ca\/rooms\/suite-oxid\/#primaryimage"},"image":{"@id":"https:\/\/somnisdelemporda.com\/ca\/rooms\/suite-oxid\/#primaryimage"},"thumbnailUrl":"https:\/\/somnisdelemporda.com\/wp-content\/uploads\/2023\/03\/B2A1829-scaled.jpg","datePublished":"2023-03-16T10:54:34+00:00","dateModified":"2023-05-03T14:43:19+00:00","breadcrumb":{"@id":"https:\/\/somnisdelemporda.com\/ca\/rooms\/suite-oxid\/#breadcrumb"},"inLanguage":"ca","potentialAction":[{"@type":"ReadAction","target":["https:\/\/somnisdelemporda.com\/ca\/rooms\/suite-oxid\/"]}]},{"@type":"ImageObject","inLanguage":"ca","@id":"https:\/\/somnisdelemporda.com\/ca\/rooms\/suite-oxid\/#primaryimage","url":"https:\/\/somnisdelemporda.com\/wp-content\/uploads\/2023\/03\/B2A1829-scaled.jpg","contentUrl":"https:\/\/somnisdelemporda.com\/wp-content\/uploads\/2023\/03\/B2A1829-scaled.jpg","width":2560,"height":1707},{"@type":"BreadcrumbList","@id":"https:\/\/somnisdelemporda.com\/ca\/rooms\/suite-oxid\/#breadcrumb","itemListElement":[{"@type":"ListItem","position":1,"name":"Portada","item":"https:\/\/somnisdelemporda.com\/ca\/"},{"@type":"ListItem","position":2,"name":"Rooms","item":"https:\/\/somnisdelemporda.com\/ca\/rooms\/"},{"@type":"ListItem","position":3,"name":"Suite Oxid"}]},{"@type":"WebSite","@id":"https:\/\/somnisdelemporda.com\/ca\/#website","url":"https:\/\/somnisdelemporda.com\/ca\/","name":"Somnis de l'Empord\u00e0","description":"Mas\u00eda rural en el coraz\u00f3n de l&#039;Empord\u00e0","publisher":{"@id":"https:\/\/somnisdelemporda.com\/ca\/#organization"},"potentialAction":[{"@type":"SearchAction","target":{"@type":"EntryPoint","urlTemplate":"https:\/\/somnisdelemporda.com\/ca\/?s={search_term_string}"},"query-input":{"@type":"PropertyValueSpecification","valueRequired":true,"valueName":"search_term_string"}}],"inLanguage":"ca"},{"@type":"Organization","@id":"https:\/\/somnisdelemporda.com\/ca\/#organization","name":"Somnis de l'Empord\u00e0","url":"https:\/\/somnisdelemporda.com\/ca\/","logo":{"@type":"ImageObject","inLanguage":"ca","@id":"https:\/\/somnisdelemporda.com\/ca\/#\/schema\/logo\/image\/","url":"https:\/\/somnisdelemporda.com\/wp-content\/uploads\/2023\/03\/logo-somnis-de-lemporda_Logo-sans-serif.svg","contentUrl":"https:\/\/somnisdelemporda.com\/wp-content\/uploads\/2023\/03\/logo-somnis-de-lemporda_Logo-sans-serif.svg","caption":"Somnis de l'Empord\u00e0"},"image":{"@id":"https:\/\/somnisdelemporda.com\/ca\/#\/schema\/logo\/image\/"},"sameAs":["https:\/\/www.facebook.com\/people\/Somnis-de-l-Empord\/100063805333548\/"]}]}},"_links":{"self":[{"href":"https:\/\/somnisdelemporda.com\/ca\/wp-json\/wp\/v2\/rooms\/1251","targetHints":{"allow":["GET"]}}],"collection":[{"href":"https:\/\/somnisdelemporda.com\/ca\/wp-json\/wp\/v2\/rooms"}],"about":[{"href":"https:\/\/somnisdelemporda.com\/ca\/wp-json\/wp\/v2\/types\/rooms"}],"version-history":[{"count":6,"href":"https:\/\/somnisdelemporda.com\/ca\/wp-json\/wp\/v2\/rooms\/1251\/revisions"}],"predecessor-version":[{"id":1459,"href":"https:\/\/somnisdelemporda.com\/ca\/wp-json\/wp\/v2\/rooms\/1251\/revisions\/1459"}],"wp:featuredmedia":[{"embeddable":true,"href":"https:\/\/somnisdelemporda.com\/ca\/wp-json\/wp\/v2\/media\/779"}],"wp:attachment":[{"href":"https:\/\/somnisdelemporda.com\/ca\/wp-json\/wp\/v2\/media?parent=1251"}],"curies":[{"name":"wp","href":"https:\/\/api.w.org\/{rel}","templated":true}]}}

&#13;
<p>Torna als orígens i retroba&#8217;t amb tu mateix. Deixa&#8217;t embolicar per la llum natural que entra a través dels seus finestrals i de l&#8217;harmonia i senzillesa que ofereix la pedra, la fusta i el ferro. Gaudeix de la xemeneia de llenya davant del llit o des de la dutxa de pluja.</p>&#13;
&#13;
<p>Mides 33 m, planta baixa, vista al pati interior i exterior, llit King size (1,80x2m), àmplia zona de bany amb dutxa efecte pluja, llar de foc de llenya, aire condicionat, minibar, cafetera, tv pantalla plana, wifi gratuït, amenities de la marca Rituals</p>&#13;
&#13;
<p>En el preu de la suite inclou un deliciós bufet d&#8217;esmorzar amb productes locals com embotits, pernil ibèric, ous del nostre galliner, fruites i verdures de l&#8217;hort, pastissos de la casa, batuts i sucs naturals.</p>&#13;

<blockquote class="wp-block-quote is-layout-flow wp-block-quote-is-layout-flow">&#13;
<p>Opció d&#8217;escollir la suite Oxid i <a href="https://somnisdelemporda.com/ca/rooms/suite-ocre/" data-type="rooms" data-id="783">Ocre</a> per tenir una zona exclusiva.</p>&#13;
</blockquote>

<p>&#13; Torna als orígens i retroba&#8217;t amb tu mateix. Deixa&#8217;t embolicar per la llum natural que entra a través dels seus finestrals i de l&#8217;harmonia i senzillesa que ofereix la pedra, la fusta i el ferro. Gaudeix de la xemeneia de llenya davant del llit o des de la dutxa de pluja. &#13; &#13; Mides [&hellip;]</p>

<!-- This site is optimized with the Yoast SEO plugin v27.5 - https://yoast.com/product/yoast-seo-wordpress/ -->
<title>Suite Oxid - Somnis de l&#039;Empordà</title>
<meta name="robots" content="index, follow, max-snippet:-1, max-image-preview:large, max-video-preview:-1" />
<link rel="canonical" href="https://somnisdelemporda.com/ca/rooms/suite-oxid/" />
<meta property="og:locale" content="ca_ES" />
<meta property="og:type" content="article" />
<meta property="og:title" content="Suite Oxid - Somnis de l&#039;Empordà" />
<meta property="og:description" content="&#013; Torna als orígens i retroba&#8217;t amb tu mateix. Deixa&#8217;t embolicar per la llum natural que entra a través dels seus finestrals i de l&#8217;harmonia i senzillesa que ofereix la pedra, la fusta i el ferro. Gaudeix de la xemeneia de llenya davant del llit o des de la dutxa de pluja. &#013; &#013; Mides [&hellip;]" />
<meta property="og:url" content="https://somnisdelemporda.com/ca/rooms/suite-oxid/" />
<meta property="og:site_name" content="Somnis de l&#039;Empordà" />
<meta property="article:publisher" content="https://www.facebook.com/people/Somnis-de-l-Empord/100063805333548/" />
<meta property="article:modified_time" content="2023-05-03T14:43:19+00:00" />
<meta property="og:image" content="https://somnisdelemporda.com/wp-content/uploads/2023/03/B2A1829-scaled.jpg" />
	<meta property="og:image:width" content="2560" />
	<meta property="og:image:height" content="1707" />
	<meta property="og:image:type" content="image/jpeg" />
<meta name="twitter:card" content="summary_large_image" />
<meta name="twitter:label1" content="Temps estimat de lectura" />
	<meta name="twitter:data1" content="1 minut" />
<script type="application/ld+json" class="yoast-schema-graph">{"@context":"https:\/\/schema.org","@graph":[{"@type":"WebPage","@id":"https:\/\/somnisdelemporda.com\/ca\/rooms\/suite-oxid\/","url":"https:\/\/somnisdelemporda.com\/ca\/rooms\/suite-oxid\/","name":"Suite Oxid - Somnis de l&#039;Empordà","isPartOf":{"@id":"https:\/\/somnisdelemporda.com\/ca\/#website"},"primaryImageOfPage":{"@id":"https:\/\/somnisdelemporda.com\/ca\/rooms\/suite-oxid\/#primaryimage"},"image":{"@id":"https:\/\/somnisdelemporda.com\/ca\/rooms\/suite-oxid\/#primaryimage"},"thumbnailUrl":"https:\/\/somnisdelemporda.com\/wp-content\/uploads\/2023\/03\/B2A1829-scaled.jpg","datePublished":"2023-03-16T10:54:34+00:00","dateModified":"2023-05-03T14:43:19+00:00","breadcrumb":{"@id":"https:\/\/somnisdelemporda.com\/ca\/rooms\/suite-oxid\/#breadcrumb"},"inLanguage":"ca","potentialAction":[{"@type":"ReadAction","target":["https:\/\/somnisdelemporda.com\/ca\/rooms\/suite-oxid\/"]}]},{"@type":"ImageObject","inLanguage":"ca","@id":"https:\/\/somnisdelemporda.com\/ca\/rooms\/suite-oxid\/#primaryimage","url":"https:\/\/somnisdelemporda.com\/wp-content\/uploads\/2023\/03\/B2A1829-scaled.jpg","contentUrl":"https:\/\/somnisdelemporda.com\/wp-content\/uploads\/2023\/03\/B2A1829-scaled.jpg","width":2560,"height":1707},{"@type":"BreadcrumbList","@id":"https:\/\/somnisdelemporda.com\/ca\/rooms\/suite-oxid\/#breadcrumb","itemListElement":[{"@type":"ListItem","position":1,"name":"Portada","item":"https:\/\/somnisdelemporda.com\/ca\/"},{"@type":"ListItem","position":2,"name":"Rooms","item":"https:\/\/somnisdelemporda.com\/ca\/rooms\/"},{"@type":"ListItem","position":3,"name":"Suite Oxid"}]},{"@type":"WebSite","@id":"https:\/\/somnisdelemporda.com\/ca\/#website","url":"https:\/\/somnisdelemporda.com\/ca\/","name":"Somnis de l'Empordà","description":"Masía rural en el corazón de l&#039;Empordà","publisher":{"@id":"https:\/\/somnisdelemporda.com\/ca\/#organization"},"potentialAction":[{"@type":"SearchAction","target":{"@type":"EntryPoint","urlTemplate":"https:\/\/somnisdelemporda.com\/ca\/?s={search_term_string}"},"query-input":{"@type":"PropertyValueSpecification","valueRequired":true,"valueName":"search_term_string"}}],"inLanguage":"ca"},{"@type":"Organization","@id":"https:\/\/somnisdelemporda.com\/ca\/#organization","name":"Somnis de l'Empordà","url":"https:\/\/somnisdelemporda.com\/ca\/","logo":{"@type":"ImageObject","inLanguage":"ca","@id":"https:\/\/somnisdelemporda.com\/ca\/#\/schema\/logo\/image\/","url":"https:\/\/somnisdelemporda.com\/wp-content\/uploads\/2023\/03\/logo-somnis-de-lemporda_Logo-sans-serif.svg","contentUrl":"https:\/\/somnisdelemporda.com\/wp-content\/uploads\/2023\/03\/logo-somnis-de-lemporda_Logo-sans-serif.svg","caption":"Somnis de l'Empordà"},"image":{"@id":"https:\/\/somnisdelemporda.com\/ca\/#\/schema\/logo\/image\/"},"sameAs":["https:\/\/www.facebook.com\/people\/Somnis-de-l-Empord\/100063805333548\/"]}]}</script>
<!-- / Yoast SEO plugin. -->

Suite Oxid - Somnis de l&#039;Empordà

&#13; Torna als orígens i retroba&#8217;t amb tu mateix. Deixa&#8217;t embolicar per la llum natural que entra a través dels seus finestrals i de l&#8217;harmonia i senzillesa que ofereix la pedra, la fusta i el ferro. Gaudeix de la xemeneia de llenya davant del llit o des de la dutxa de pluja. &#13; &#13; Mides [&hellip;]

Somnis de l&#039;Empordà

Somnis de l'Empordà

Masía rural en el corazón de l&#039;Empordà
