{"id":1255,"date":"2023-03-16T10:54:34","date_gmt":"2023-03-16T10:54:34","guid":{"rendered":"https:\/\/somnisdelemporda.com\/rooms\/oxid-suite\/"},"modified":"2023-05-03T14:43:58","modified_gmt":"2023-05-03T14:43:58","slug":"oxid-suite","status":"publish","type":"rooms","link":"https:\/\/somnisdelemporda.com\/en\/rooms\/oxid-suite\/","title":{"rendered":"Oxid Suite"},"content":{"rendered":"&#13;\n<p>Go back to the origins and find yourself again. Let yourself be enveloped by the natural light that enters through its large windows and the harmony and simplicity offered by the stone, wood and iron. Enjoy the wood-burning fireplace in front of the bed or from the rain shower.<\/p>&#13;\n&#13;\n<p>Size 33 m, ground floor, view to the interior and exterior patio, king size bed (1,80x2m), large bathroom area with rain shower, wood-burning fireplace, air conditioning, minibar, coffee maker, flat screen TV, free wifi, Rituals amenities.<\/p>&#13;\n&#13;\n<p>The price of the suite includes a delicious buffet breakfast with local products such as cold meats, Iberian ham, eggs from our henhouse, fruits and vegetables from the garden, homemade cakes, smoothies and natural juices.<\/p>&#13;\n\r\n<blockquote class=\"wp-block-quote is-layout-flow wp-block-quote-is-layout-flow\">&#13;\n<p>Option to choose the Oxid and <a href=\"https:\/\/somnisdelemporda.com\/en\/rooms\/ochre-suite\/\" data-type=\"rooms\" data-id=\"783\">Ochre<\/a> suite to have an exclusive area.<\/p>&#13;\n<\/blockquote>\r\n","protected":false},"excerpt":{"rendered":"<p>&#13; Go back to the origins and find yourself again. Let yourself be enveloped by the natural light that enters through its large windows and the harmony and simplicity offered by the stone, wood and iron. Enjoy the wood-burning fireplace in front of the bed or from the rain shower. &#13; &#13; Size 33 m, [&hellip;]<\/p>\n","protected":false},"featured_media":780,"template":"","meta":{"_joinchat":[],"footnotes":""},"class_list":["post-1255","rooms","type-rooms","status-publish","has-post-thumbnail","hentry"],"yoast_head":"<!-- This site is optimized with the Yoast SEO plugin v27.5 - https:\/\/yoast.com\/product\/yoast-seo-wordpress\/ -->\n<title>Oxid Suite - Somnis de l&#039;Empord\u00e0<\/title>\n<meta name=\"robots\" content=\"index, follow, max-snippet:-1, max-image-preview:large, max-video-preview:-1\" \/>\n<link rel=\"canonical\" href=\"https:\/\/somnisdelemporda.com\/en\/rooms\/oxid-suite\/\" \/>\n<meta property=\"og:locale\" content=\"en_US\" \/>\n<meta property=\"og:type\" content=\"article\" \/>\n<meta property=\"og:title\" content=\"Oxid Suite - Somnis de l&#039;Empord\u00e0\" \/>\n<meta property=\"og:description\" content=\"&#013; Go back to the origins and find yourself again. Let yourself be enveloped by the natural light that enters through its large windows and the harmony and simplicity offered by the stone, wood and iron. Enjoy the wood-burning fireplace in front of the bed or from the rain shower. &#013; &#013; Size 33 m, [&hellip;]\" \/>\n<meta property=\"og:url\" content=\"https:\/\/somnisdelemporda.com\/en\/rooms\/oxid-suite\/\" \/>\n<meta property=\"og:site_name\" content=\"Somnis de l&#039;Empord\u00e0\" \/>\n<meta property=\"article:publisher\" content=\"https:\/\/www.facebook.com\/people\/Somnis-de-l-Empord\/100063805333548\/\" \/>\n<meta property=\"article:modified_time\" content=\"2023-05-03T14:43:58+00:00\" \/>\n<meta property=\"og:image\" content=\"https:\/\/somnisdelemporda.com\/wp-content\/uploads\/2023\/03\/B2A1829-scaled.jpg\" \/>\n\t<meta property=\"og:image:width\" content=\"2560\" \/>\n\t<meta property=\"og:image:height\" content=\"1707\" \/>\n\t<meta property=\"og:image:type\" content=\"image\/jpeg\" \/>\n<meta name=\"twitter:card\" content=\"summary_large_image\" \/>\n<meta name=\"twitter:label1\" content=\"Est. reading time\" \/>\n\t<meta name=\"twitter:data1\" content=\"1 minute\" \/>\n<script type=\"application\/ld+json\" class=\"yoast-schema-graph\">{\"@context\":\"https:\\\/\\\/schema.org\",\"@graph\":[{\"@type\":\"WebPage\",\"@id\":\"https:\\\/\\\/somnisdelemporda.com\\\/en\\\/rooms\\\/oxid-suite\\\/\",\"url\":\"https:\\\/\\\/somnisdelemporda.com\\\/en\\\/rooms\\\/oxid-suite\\\/\",\"name\":\"Oxid Suite - Somnis de l&#039;Empord\u00e0\",\"isPartOf\":{\"@id\":\"https:\\\/\\\/somnisdelemporda.com\\\/en\\\/#website\"},\"primaryImageOfPage\":{\"@id\":\"https:\\\/\\\/somnisdelemporda.com\\\/en\\\/rooms\\\/oxid-suite\\\/#primaryimage\"},\"image\":{\"@id\":\"https:\\\/\\\/somnisdelemporda.com\\\/en\\\/rooms\\\/oxid-suite\\\/#primaryimage\"},\"thumbnailUrl\":\"https:\\\/\\\/somnisdelemporda.com\\\/wp-content\\\/uploads\\\/2023\\\/03\\\/B2A1829-scaled.jpg\",\"datePublished\":\"2023-03-16T10:54:34+00:00\",\"dateModified\":\"2023-05-03T14:43:58+00:00\",\"breadcrumb\":{\"@id\":\"https:\\\/\\\/somnisdelemporda.com\\\/en\\\/rooms\\\/oxid-suite\\\/#breadcrumb\"},\"inLanguage\":\"en-US\",\"potentialAction\":[{\"@type\":\"ReadAction\",\"target\":[\"https:\\\/\\\/somnisdelemporda.com\\\/en\\\/rooms\\\/oxid-suite\\\/\"]}]},{\"@type\":\"ImageObject\",\"inLanguage\":\"en-US\",\"@id\":\"https:\\\/\\\/somnisdelemporda.com\\\/en\\\/rooms\\\/oxid-suite\\\/#primaryimage\",\"url\":\"https:\\\/\\\/somnisdelemporda.com\\\/wp-content\\\/uploads\\\/2023\\\/03\\\/B2A1829-scaled.jpg\",\"contentUrl\":\"https:\\\/\\\/somnisdelemporda.com\\\/wp-content\\\/uploads\\\/2023\\\/03\\\/B2A1829-scaled.jpg\",\"width\":2560,\"height\":1707},{\"@type\":\"BreadcrumbList\",\"@id\":\"https:\\\/\\\/somnisdelemporda.com\\\/en\\\/rooms\\\/oxid-suite\\\/#breadcrumb\",\"itemListElement\":[{\"@type\":\"ListItem\",\"position\":1,\"name\":\"Portada\",\"item\":\"https:\\\/\\\/somnisdelemporda.com\\\/en\\\/\"},{\"@type\":\"ListItem\",\"position\":2,\"name\":\"Rooms\",\"item\":\"https:\\\/\\\/somnisdelemporda.com\\\/en\\\/rooms\\\/\"},{\"@type\":\"ListItem\",\"position\":3,\"name\":\"Oxid Suite\"}]},{\"@type\":\"WebSite\",\"@id\":\"https:\\\/\\\/somnisdelemporda.com\\\/en\\\/#website\",\"url\":\"https:\\\/\\\/somnisdelemporda.com\\\/en\\\/\",\"name\":\"Somnis de l'Empord\u00e0\",\"description\":\"Mas\u00eda rural en el coraz\u00f3n de l&#039;Empord\u00e0\",\"publisher\":{\"@id\":\"https:\\\/\\\/somnisdelemporda.com\\\/en\\\/#organization\"},\"potentialAction\":[{\"@type\":\"SearchAction\",\"target\":{\"@type\":\"EntryPoint\",\"urlTemplate\":\"https:\\\/\\\/somnisdelemporda.com\\\/en\\\/?s={search_term_string}\"},\"query-input\":{\"@type\":\"PropertyValueSpecification\",\"valueRequired\":true,\"valueName\":\"search_term_string\"}}],\"inLanguage\":\"en-US\"},{\"@type\":\"Organization\",\"@id\":\"https:\\\/\\\/somnisdelemporda.com\\\/en\\\/#organization\",\"name\":\"Somnis de l'Empord\u00e0\",\"url\":\"https:\\\/\\\/somnisdelemporda.com\\\/en\\\/\",\"logo\":{\"@type\":\"ImageObject\",\"inLanguage\":\"en-US\",\"@id\":\"https:\\\/\\\/somnisdelemporda.com\\\/en\\\/#\\\/schema\\\/logo\\\/image\\\/\",\"url\":\"https:\\\/\\\/somnisdelemporda.com\\\/wp-content\\\/uploads\\\/2023\\\/03\\\/logo-somnis-de-lemporda_Logo-sans-serif.svg\",\"contentUrl\":\"https:\\\/\\\/somnisdelemporda.com\\\/wp-content\\\/uploads\\\/2023\\\/03\\\/logo-somnis-de-lemporda_Logo-sans-serif.svg\",\"caption\":\"Somnis de l'Empord\u00e0\"},\"image\":{\"@id\":\"https:\\\/\\\/somnisdelemporda.com\\\/en\\\/#\\\/schema\\\/logo\\\/image\\\/\"},\"sameAs\":[\"https:\\\/\\\/www.facebook.com\\\/people\\\/Somnis-de-l-Empord\\\/100063805333548\\\/\"]}]}<\/script>\n<!-- \/ Yoast SEO plugin. -->","yoast_head_json":{"title":"Oxid Suite - Somnis de l&#039;Empord\u00e0","robots":{"index":"index","follow":"follow","max-snippet":"max-snippet:-1","max-image-preview":"max-image-preview:large","max-video-preview":"max-video-preview:-1"},"canonical":"https:\/\/somnisdelemporda.com\/en\/rooms\/oxid-suite\/","og_locale":"en_US","og_type":"article","og_title":"Oxid Suite - Somnis de l&#039;Empord\u00e0","og_description":"&#13; Go back to the origins and find yourself again. Let yourself be enveloped by the natural light that enters through its large windows and the harmony and simplicity offered by the stone, wood and iron. Enjoy the wood-burning fireplace in front of the bed or from the rain shower. &#13; &#13; Size 33 m, [&hellip;]","og_url":"https:\/\/somnisdelemporda.com\/en\/rooms\/oxid-suite\/","og_site_name":"Somnis de l&#039;Empord\u00e0","article_publisher":"https:\/\/www.facebook.com\/people\/Somnis-de-l-Empord\/100063805333548\/","article_modified_time":"2023-05-03T14:43:58+00:00","og_image":[{"width":2560,"height":1707,"url":"https:\/\/somnisdelemporda.com\/wp-content\/uploads\/2023\/03\/B2A1829-scaled.jpg","type":"image\/jpeg"}],"twitter_card":"summary_large_image","twitter_misc":{"Est. reading time":"1 minute"},"schema":{"@context":"https:\/\/schema.org","@graph":[{"@type":"WebPage","@id":"https:\/\/somnisdelemporda.com\/en\/rooms\/oxid-suite\/","url":"https:\/\/somnisdelemporda.com\/en\/rooms\/oxid-suite\/","name":"Oxid Suite - Somnis de l&#039;Empord\u00e0","isPartOf":{"@id":"https:\/\/somnisdelemporda.com\/en\/#website"},"primaryImageOfPage":{"@id":"https:\/\/somnisdelemporda.com\/en\/rooms\/oxid-suite\/#primaryimage"},"image":{"@id":"https:\/\/somnisdelemporda.com\/en\/rooms\/oxid-suite\/#primaryimage"},"thumbnailUrl":"https:\/\/somnisdelemporda.com\/wp-content\/uploads\/2023\/03\/B2A1829-scaled.jpg","datePublished":"2023-03-16T10:54:34+00:00","dateModified":"2023-05-03T14:43:58+00:00","breadcrumb":{"@id":"https:\/\/somnisdelemporda.com\/en\/rooms\/oxid-suite\/#breadcrumb"},"inLanguage":"en-US","potentialAction":[{"@type":"ReadAction","target":["https:\/\/somnisdelemporda.com\/en\/rooms\/oxid-suite\/"]}]},{"@type":"ImageObject","inLanguage":"en-US","@id":"https:\/\/somnisdelemporda.com\/en\/rooms\/oxid-suite\/#primaryimage","url":"https:\/\/somnisdelemporda.com\/wp-content\/uploads\/2023\/03\/B2A1829-scaled.jpg","contentUrl":"https:\/\/somnisdelemporda.com\/wp-content\/uploads\/2023\/03\/B2A1829-scaled.jpg","width":2560,"height":1707},{"@type":"BreadcrumbList","@id":"https:\/\/somnisdelemporda.com\/en\/rooms\/oxid-suite\/#breadcrumb","itemListElement":[{"@type":"ListItem","position":1,"name":"Portada","item":"https:\/\/somnisdelemporda.com\/en\/"},{"@type":"ListItem","position":2,"name":"Rooms","item":"https:\/\/somnisdelemporda.com\/en\/rooms\/"},{"@type":"ListItem","position":3,"name":"Oxid Suite"}]},{"@type":"WebSite","@id":"https:\/\/somnisdelemporda.com\/en\/#website","url":"https:\/\/somnisdelemporda.com\/en\/","name":"Somnis de l'Empord\u00e0","description":"Mas\u00eda rural en el coraz\u00f3n de l&#039;Empord\u00e0","publisher":{"@id":"https:\/\/somnisdelemporda.com\/en\/#organization"},"potentialAction":[{"@type":"SearchAction","target":{"@type":"EntryPoint","urlTemplate":"https:\/\/somnisdelemporda.com\/en\/?s={search_term_string}"},"query-input":{"@type":"PropertyValueSpecification","valueRequired":true,"valueName":"search_term_string"}}],"inLanguage":"en-US"},{"@type":"Organization","@id":"https:\/\/somnisdelemporda.com\/en\/#organization","name":"Somnis de l'Empord\u00e0","url":"https:\/\/somnisdelemporda.com\/en\/","logo":{"@type":"ImageObject","inLanguage":"en-US","@id":"https:\/\/somnisdelemporda.com\/en\/#\/schema\/logo\/image\/","url":"https:\/\/somnisdelemporda.com\/wp-content\/uploads\/2023\/03\/logo-somnis-de-lemporda_Logo-sans-serif.svg","contentUrl":"https:\/\/somnisdelemporda.com\/wp-content\/uploads\/2023\/03\/logo-somnis-de-lemporda_Logo-sans-serif.svg","caption":"Somnis de l'Empord\u00e0"},"image":{"@id":"https:\/\/somnisdelemporda.com\/en\/#\/schema\/logo\/image\/"},"sameAs":["https:\/\/www.facebook.com\/people\/Somnis-de-l-Empord\/100063805333548\/"]}]}},"_links":{"self":[{"href":"https:\/\/somnisdelemporda.com\/en\/wp-json\/wp\/v2\/rooms\/1255","targetHints":{"allow":["GET"]}}],"collection":[{"href":"https:\/\/somnisdelemporda.com\/en\/wp-json\/wp\/v2\/rooms"}],"about":[{"href":"https:\/\/somnisdelemporda.com\/en\/wp-json\/wp\/v2\/types\/rooms"}],"version-history":[{"count":6,"href":"https:\/\/somnisdelemporda.com\/en\/wp-json\/wp\/v2\/rooms\/1255\/revisions"}],"predecessor-version":[{"id":1462,"href":"https:\/\/somnisdelemporda.com\/en\/wp-json\/wp\/v2\/rooms\/1255\/revisions\/1462"}],"wp:featuredmedia":[{"embeddable":true,"href":"https:\/\/somnisdelemporda.com\/en\/wp-json\/wp\/v2\/media\/780"}],"wp:attachment":[{"href":"https:\/\/somnisdelemporda.com\/en\/wp-json\/wp\/v2\/media?parent=1255"}],"curies":[{"name":"wp","href":"https:\/\/api.w.org\/{rel}","templated":true}]}}

<!-- This site is optimized with the Yoast SEO plugin v27.5 - https://yoast.com/product/yoast-seo-wordpress/ -->
<title>Oxid Suite - Somnis de l&#039;Empordà</title>
<meta name="robots" content="index, follow, max-snippet:-1, max-image-preview:large, max-video-preview:-1" />
<link rel="canonical" href="https://somnisdelemporda.com/en/rooms/oxid-suite/" />
<meta property="og:locale" content="en_US" />
<meta property="og:type" content="article" />
<meta property="og:title" content="Oxid Suite - Somnis de l&#039;Empordà" />
<meta property="og:description" content="&#013; Go back to the origins and find yourself again. Let yourself be enveloped by the natural light that enters through its large windows and the harmony and simplicity offered by the stone, wood and iron. Enjoy the wood-burning fireplace in front of the bed or from the rain shower. &#013; &#013; Size 33 m, [&hellip;]" />
<meta property="og:url" content="https://somnisdelemporda.com/en/rooms/oxid-suite/" />
<meta property="og:site_name" content="Somnis de l&#039;Empordà" />
<meta property="article:publisher" content="https://www.facebook.com/people/Somnis-de-l-Empord/100063805333548/" />
<meta property="article:modified_time" content="2023-05-03T14:43:58+00:00" />
<meta property="og:image" content="https://somnisdelemporda.com/wp-content/uploads/2023/03/B2A1829-scaled.jpg" />
	<meta property="og:image:width" content="2560" />
	<meta property="og:image:height" content="1707" />
	<meta property="og:image:type" content="image/jpeg" />
<meta name="twitter:card" content="summary_large_image" />
<meta name="twitter:label1" content="Est. reading time" />
	<meta name="twitter:data1" content="1 minute" />
<script type="application/ld+json" class="yoast-schema-graph">{"@context":"https:\/\/schema.org","@graph":[{"@type":"WebPage","@id":"https:\/\/somnisdelemporda.com\/en\/rooms\/oxid-suite\/","url":"https:\/\/somnisdelemporda.com\/en\/rooms\/oxid-suite\/","name":"Oxid Suite - Somnis de l&#039;Empordà","isPartOf":{"@id":"https:\/\/somnisdelemporda.com\/en\/#website"},"primaryImageOfPage":{"@id":"https:\/\/somnisdelemporda.com\/en\/rooms\/oxid-suite\/#primaryimage"},"image":{"@id":"https:\/\/somnisdelemporda.com\/en\/rooms\/oxid-suite\/#primaryimage"},"thumbnailUrl":"https:\/\/somnisdelemporda.com\/wp-content\/uploads\/2023\/03\/B2A1829-scaled.jpg","datePublished":"2023-03-16T10:54:34+00:00","dateModified":"2023-05-03T14:43:58+00:00","breadcrumb":{"@id":"https:\/\/somnisdelemporda.com\/en\/rooms\/oxid-suite\/#breadcrumb"},"inLanguage":"en-US","potentialAction":[{"@type":"ReadAction","target":["https:\/\/somnisdelemporda.com\/en\/rooms\/oxid-suite\/"]}]},{"@type":"ImageObject","inLanguage":"en-US","@id":"https:\/\/somnisdelemporda.com\/en\/rooms\/oxid-suite\/#primaryimage","url":"https:\/\/somnisdelemporda.com\/wp-content\/uploads\/2023\/03\/B2A1829-scaled.jpg","contentUrl":"https:\/\/somnisdelemporda.com\/wp-content\/uploads\/2023\/03\/B2A1829-scaled.jpg","width":2560,"height":1707},{"@type":"BreadcrumbList","@id":"https:\/\/somnisdelemporda.com\/en\/rooms\/oxid-suite\/#breadcrumb","itemListElement":[{"@type":"ListItem","position":1,"name":"Portada","item":"https:\/\/somnisdelemporda.com\/en\/"},{"@type":"ListItem","position":2,"name":"Rooms","item":"https:\/\/somnisdelemporda.com\/en\/rooms\/"},{"@type":"ListItem","position":3,"name":"Oxid Suite"}]},{"@type":"WebSite","@id":"https:\/\/somnisdelemporda.com\/en\/#website","url":"https:\/\/somnisdelemporda.com\/en\/","name":"Somnis de l'Empordà","description":"Masía rural en el corazón de l&#039;Empordà","publisher":{"@id":"https:\/\/somnisdelemporda.com\/en\/#organization"},"potentialAction":[{"@type":"SearchAction","target":{"@type":"EntryPoint","urlTemplate":"https:\/\/somnisdelemporda.com\/en\/?s={search_term_string}"},"query-input":{"@type":"PropertyValueSpecification","valueRequired":true,"valueName":"search_term_string"}}],"inLanguage":"en-US"},{"@type":"Organization","@id":"https:\/\/somnisdelemporda.com\/en\/#organization","name":"Somnis de l'Empordà","url":"https:\/\/somnisdelemporda.com\/en\/","logo":{"@type":"ImageObject","inLanguage":"en-US","@id":"https:\/\/somnisdelemporda.com\/en\/#\/schema\/logo\/image\/","url":"https:\/\/somnisdelemporda.com\/wp-content\/uploads\/2023\/03\/logo-somnis-de-lemporda_Logo-sans-serif.svg","contentUrl":"https:\/\/somnisdelemporda.com\/wp-content\/uploads\/2023\/03\/logo-somnis-de-lemporda_Logo-sans-serif.svg","caption":"Somnis de l'Empordà"},"image":{"@id":"https:\/\/somnisdelemporda.com\/en\/#\/schema\/logo\/image\/"},"sameAs":["https:\/\/www.facebook.com\/people\/Somnis-de-l-Empord\/100063805333548\/"]}]}</script>
<!-- / Yoast SEO plugin. -->

Oxid Suite - Somnis de l&#039;Empordà

Somnis de l&#039;Empordà

Somnis de l'Empordà

Masía rural en el corazón de l&#039;Empordà
