{"id":1283,"date":"2023-03-16T10:45:33","date_gmt":"2023-03-16T10:45:33","guid":{"rendered":"https:\/\/somnisdelemporda.com\/rooms\/bronze-suite\/"},"modified":"2023-04-26T14:38:43","modified_gmt":"2023-04-26T14:38:43","slug":"bronze-suite","status":"publish","type":"rooms","link":"https:\/\/somnisdelemporda.com\/en\/rooms\/bronze-suite\/","title":{"rendered":"Bronze Suite"},"content":{"rendered":"\n<p>Relax in this bright suite overlooking the fields and inspired by the colors of nature. While you contemplate the unique sunsets of l&#8217; Empord\u00e0 from the old &#8220;festejadors&#8221; (stone bench located next to the windows, typical of castles and farmhouses).<\/p>\n\n<p>Measures 28m, king size bed (180x2m), large bathroom area with rain shower, Toba catalana (terracotta tiles over 200 years old), leather sofa, minibar, coffee maker, air conditioning, flat screen TV, free wifi, Rituals amenities.<\/p>\n\n<p><a><\/a>The price of the suite includes a delicious buffet breakfast with local products such as cold meats, Iberian ham, eggs from our henhouse, fruits and vegetables from the garden, homemade cakes, smoothies and natural juices.<\/p>\n","protected":false},"excerpt":{"rendered":"<p>Relax in this bright suite overlooking the fields and inspired by the colors of nature. While you contemplate the unique sunsets of l&#8217; Empord\u00e0 from the old &#8220;festejadors&#8221; (stone bench located next to the windows, typical of castles and farmhouses). Measures 28m, king size bed (180x2m), large bathroom area with rain shower, Toba catalana (terracotta [&hellip;]<\/p>\n","protected":false},"featured_media":707,"template":"","meta":{"_joinchat":[],"footnotes":""},"class_list":["post-1283","rooms","type-rooms","status-publish","has-post-thumbnail","hentry"],"yoast_head":"<!-- This site is optimized with the Yoast SEO plugin v27.5 - https:\/\/yoast.com\/product\/yoast-seo-wordpress\/ -->\n<title>Bronze Suite - Somnis de l&#039;Empord\u00e0<\/title>\n<meta name=\"robots\" content=\"index, follow, max-snippet:-1, max-image-preview:large, max-video-preview:-1\" \/>\n<link rel=\"canonical\" href=\"https:\/\/somnisdelemporda.com\/en\/rooms\/bronze-suite\/\" \/>\n<meta property=\"og:locale\" content=\"en_US\" \/>\n<meta property=\"og:type\" content=\"article\" \/>\n<meta property=\"og:title\" content=\"Bronze Suite - Somnis de l&#039;Empord\u00e0\" \/>\n<meta property=\"og:description\" content=\"Relax in this bright suite overlooking the fields and inspired by the colors of nature. While you contemplate the unique sunsets of l&#8217; Empord\u00e0 from the old &#8220;festejadors&#8221; (stone bench located next to the windows, typical of castles and farmhouses). Measures 28m, king size bed (180x2m), large bathroom area with rain shower, Toba catalana (terracotta [&hellip;]\" \/>\n<meta property=\"og:url\" content=\"https:\/\/somnisdelemporda.com\/en\/rooms\/bronze-suite\/\" \/>\n<meta property=\"og:site_name\" content=\"Somnis de l&#039;Empord\u00e0\" \/>\n<meta property=\"article:publisher\" content=\"https:\/\/www.facebook.com\/people\/Somnis-de-l-Empord\/100063805333548\/\" \/>\n<meta property=\"article:modified_time\" content=\"2023-04-26T14:38:43+00:00\" \/>\n<meta property=\"og:image\" content=\"https:\/\/somnisdelemporda.com\/wp-content\/uploads\/2023\/03\/B2A2177-1-scaled.jpg\" \/>\n\t<meta property=\"og:image:width\" content=\"2560\" \/>\n\t<meta property=\"og:image:height\" content=\"1707\" \/>\n\t<meta property=\"og:image:type\" content=\"image\/jpeg\" \/>\n<meta name=\"twitter:card\" content=\"summary_large_image\" \/>\n<meta name=\"twitter:label1\" content=\"Est. reading time\" \/>\n\t<meta name=\"twitter:data1\" content=\"1 minute\" \/>\n<script type=\"application\/ld+json\" class=\"yoast-schema-graph\">{\"@context\":\"https:\\\/\\\/schema.org\",\"@graph\":[{\"@type\":\"WebPage\",\"@id\":\"https:\\\/\\\/somnisdelemporda.com\\\/en\\\/rooms\\\/bronze-suite\\\/\",\"url\":\"https:\\\/\\\/somnisdelemporda.com\\\/en\\\/rooms\\\/bronze-suite\\\/\",\"name\":\"Bronze Suite - Somnis de l&#039;Empord\u00e0\",\"isPartOf\":{\"@id\":\"https:\\\/\\\/somnisdelemporda.com\\\/en\\\/#website\"},\"primaryImageOfPage\":{\"@id\":\"https:\\\/\\\/somnisdelemporda.com\\\/en\\\/rooms\\\/bronze-suite\\\/#primaryimage\"},\"image\":{\"@id\":\"https:\\\/\\\/somnisdelemporda.com\\\/en\\\/rooms\\\/bronze-suite\\\/#primaryimage\"},\"thumbnailUrl\":\"https:\\\/\\\/somnisdelemporda.com\\\/wp-content\\\/uploads\\\/2023\\\/03\\\/B2A2177-1-scaled.jpg\",\"datePublished\":\"2023-03-16T10:45:33+00:00\",\"dateModified\":\"2023-04-26T14:38:43+00:00\",\"breadcrumb\":{\"@id\":\"https:\\\/\\\/somnisdelemporda.com\\\/en\\\/rooms\\\/bronze-suite\\\/#breadcrumb\"},\"inLanguage\":\"en-US\",\"potentialAction\":[{\"@type\":\"ReadAction\",\"target\":[\"https:\\\/\\\/somnisdelemporda.com\\\/en\\\/rooms\\\/bronze-suite\\\/\"]}]},{\"@type\":\"ImageObject\",\"inLanguage\":\"en-US\",\"@id\":\"https:\\\/\\\/somnisdelemporda.com\\\/en\\\/rooms\\\/bronze-suite\\\/#primaryimage\",\"url\":\"https:\\\/\\\/somnisdelemporda.com\\\/wp-content\\\/uploads\\\/2023\\\/03\\\/B2A2177-1-scaled.jpg\",\"contentUrl\":\"https:\\\/\\\/somnisdelemporda.com\\\/wp-content\\\/uploads\\\/2023\\\/03\\\/B2A2177-1-scaled.jpg\",\"width\":2560,\"height\":1707},{\"@type\":\"BreadcrumbList\",\"@id\":\"https:\\\/\\\/somnisdelemporda.com\\\/en\\\/rooms\\\/bronze-suite\\\/#breadcrumb\",\"itemListElement\":[{\"@type\":\"ListItem\",\"position\":1,\"name\":\"Portada\",\"item\":\"https:\\\/\\\/somnisdelemporda.com\\\/en\\\/\"},{\"@type\":\"ListItem\",\"position\":2,\"name\":\"Rooms\",\"item\":\"https:\\\/\\\/somnisdelemporda.com\\\/en\\\/rooms\\\/\"},{\"@type\":\"ListItem\",\"position\":3,\"name\":\"Bronze Suite\"}]},{\"@type\":\"WebSite\",\"@id\":\"https:\\\/\\\/somnisdelemporda.com\\\/en\\\/#website\",\"url\":\"https:\\\/\\\/somnisdelemporda.com\\\/en\\\/\",\"name\":\"Somnis de l'Empord\u00e0\",\"description\":\"Mas\u00eda rural en el coraz\u00f3n de l&#039;Empord\u00e0\",\"publisher\":{\"@id\":\"https:\\\/\\\/somnisdelemporda.com\\\/en\\\/#organization\"},\"potentialAction\":[{\"@type\":\"SearchAction\",\"target\":{\"@type\":\"EntryPoint\",\"urlTemplate\":\"https:\\\/\\\/somnisdelemporda.com\\\/en\\\/?s={search_term_string}\"},\"query-input\":{\"@type\":\"PropertyValueSpecification\",\"valueRequired\":true,\"valueName\":\"search_term_string\"}}],\"inLanguage\":\"en-US\"},{\"@type\":\"Organization\",\"@id\":\"https:\\\/\\\/somnisdelemporda.com\\\/en\\\/#organization\",\"name\":\"Somnis de l'Empord\u00e0\",\"url\":\"https:\\\/\\\/somnisdelemporda.com\\\/en\\\/\",\"logo\":{\"@type\":\"ImageObject\",\"inLanguage\":\"en-US\",\"@id\":\"https:\\\/\\\/somnisdelemporda.com\\\/en\\\/#\\\/schema\\\/logo\\\/image\\\/\",\"url\":\"https:\\\/\\\/somnisdelemporda.com\\\/wp-content\\\/uploads\\\/2023\\\/03\\\/logo-somnis-de-lemporda_Logo-sans-serif.svg\",\"contentUrl\":\"https:\\\/\\\/somnisdelemporda.com\\\/wp-content\\\/uploads\\\/2023\\\/03\\\/logo-somnis-de-lemporda_Logo-sans-serif.svg\",\"caption\":\"Somnis de l'Empord\u00e0\"},\"image\":{\"@id\":\"https:\\\/\\\/somnisdelemporda.com\\\/en\\\/#\\\/schema\\\/logo\\\/image\\\/\"},\"sameAs\":[\"https:\\\/\\\/www.facebook.com\\\/people\\\/Somnis-de-l-Empord\\\/100063805333548\\\/\"]}]}<\/script>\n<!-- \/ Yoast SEO plugin. -->","yoast_head_json":{"title":"Bronze Suite - Somnis de l&#039;Empord\u00e0","robots":{"index":"index","follow":"follow","max-snippet":"max-snippet:-1","max-image-preview":"max-image-preview:large","max-video-preview":"max-video-preview:-1"},"canonical":"https:\/\/somnisdelemporda.com\/en\/rooms\/bronze-suite\/","og_locale":"en_US","og_type":"article","og_title":"Bronze Suite - Somnis de l&#039;Empord\u00e0","og_description":"Relax in this bright suite overlooking the fields and inspired by the colors of nature. While you contemplate the unique sunsets of l&#8217; Empord\u00e0 from the old &#8220;festejadors&#8221; (stone bench located next to the windows, typical of castles and farmhouses). Measures 28m, king size bed (180x2m), large bathroom area with rain shower, Toba catalana (terracotta [&hellip;]","og_url":"https:\/\/somnisdelemporda.com\/en\/rooms\/bronze-suite\/","og_site_name":"Somnis de l&#039;Empord\u00e0","article_publisher":"https:\/\/www.facebook.com\/people\/Somnis-de-l-Empord\/100063805333548\/","article_modified_time":"2023-04-26T14:38:43+00:00","og_image":[{"width":2560,"height":1707,"url":"https:\/\/somnisdelemporda.com\/wp-content\/uploads\/2023\/03\/B2A2177-1-scaled.jpg","type":"image\/jpeg"}],"twitter_card":"summary_large_image","twitter_misc":{"Est. reading time":"1 minute"},"schema":{"@context":"https:\/\/schema.org","@graph":[{"@type":"WebPage","@id":"https:\/\/somnisdelemporda.com\/en\/rooms\/bronze-suite\/","url":"https:\/\/somnisdelemporda.com\/en\/rooms\/bronze-suite\/","name":"Bronze Suite - Somnis de l&#039;Empord\u00e0","isPartOf":{"@id":"https:\/\/somnisdelemporda.com\/en\/#website"},"primaryImageOfPage":{"@id":"https:\/\/somnisdelemporda.com\/en\/rooms\/bronze-suite\/#primaryimage"},"image":{"@id":"https:\/\/somnisdelemporda.com\/en\/rooms\/bronze-suite\/#primaryimage"},"thumbnailUrl":"https:\/\/somnisdelemporda.com\/wp-content\/uploads\/2023\/03\/B2A2177-1-scaled.jpg","datePublished":"2023-03-16T10:45:33+00:00","dateModified":"2023-04-26T14:38:43+00:00","breadcrumb":{"@id":"https:\/\/somnisdelemporda.com\/en\/rooms\/bronze-suite\/#breadcrumb"},"inLanguage":"en-US","potentialAction":[{"@type":"ReadAction","target":["https:\/\/somnisdelemporda.com\/en\/rooms\/bronze-suite\/"]}]},{"@type":"ImageObject","inLanguage":"en-US","@id":"https:\/\/somnisdelemporda.com\/en\/rooms\/bronze-suite\/#primaryimage","url":"https:\/\/somnisdelemporda.com\/wp-content\/uploads\/2023\/03\/B2A2177-1-scaled.jpg","contentUrl":"https:\/\/somnisdelemporda.com\/wp-content\/uploads\/2023\/03\/B2A2177-1-scaled.jpg","width":2560,"height":1707},{"@type":"BreadcrumbList","@id":"https:\/\/somnisdelemporda.com\/en\/rooms\/bronze-suite\/#breadcrumb","itemListElement":[{"@type":"ListItem","position":1,"name":"Portada","item":"https:\/\/somnisdelemporda.com\/en\/"},{"@type":"ListItem","position":2,"name":"Rooms","item":"https:\/\/somnisdelemporda.com\/en\/rooms\/"},{"@type":"ListItem","position":3,"name":"Bronze Suite"}]},{"@type":"WebSite","@id":"https:\/\/somnisdelemporda.com\/en\/#website","url":"https:\/\/somnisdelemporda.com\/en\/","name":"Somnis de l'Empord\u00e0","description":"Mas\u00eda rural en el coraz\u00f3n de l&#039;Empord\u00e0","publisher":{"@id":"https:\/\/somnisdelemporda.com\/en\/#organization"},"potentialAction":[{"@type":"SearchAction","target":{"@type":"EntryPoint","urlTemplate":"https:\/\/somnisdelemporda.com\/en\/?s={search_term_string}"},"query-input":{"@type":"PropertyValueSpecification","valueRequired":true,"valueName":"search_term_string"}}],"inLanguage":"en-US"},{"@type":"Organization","@id":"https:\/\/somnisdelemporda.com\/en\/#organization","name":"Somnis de l'Empord\u00e0","url":"https:\/\/somnisdelemporda.com\/en\/","logo":{"@type":"ImageObject","inLanguage":"en-US","@id":"https:\/\/somnisdelemporda.com\/en\/#\/schema\/logo\/image\/","url":"https:\/\/somnisdelemporda.com\/wp-content\/uploads\/2023\/03\/logo-somnis-de-lemporda_Logo-sans-serif.svg","contentUrl":"https:\/\/somnisdelemporda.com\/wp-content\/uploads\/2023\/03\/logo-somnis-de-lemporda_Logo-sans-serif.svg","caption":"Somnis de l'Empord\u00e0"},"image":{"@id":"https:\/\/somnisdelemporda.com\/en\/#\/schema\/logo\/image\/"},"sameAs":["https:\/\/www.facebook.com\/people\/Somnis-de-l-Empord\/100063805333548\/"]}]}},"_links":{"self":[{"href":"https:\/\/somnisdelemporda.com\/en\/wp-json\/wp\/v2\/rooms\/1283","targetHints":{"allow":["GET"]}}],"collection":[{"href":"https:\/\/somnisdelemporda.com\/en\/wp-json\/wp\/v2\/rooms"}],"about":[{"href":"https:\/\/somnisdelemporda.com\/en\/wp-json\/wp\/v2\/types\/rooms"}],"version-history":[{"count":1,"href":"https:\/\/somnisdelemporda.com\/en\/wp-json\/wp\/v2\/rooms\/1283\/revisions"}],"predecessor-version":[{"id":1284,"href":"https:\/\/somnisdelemporda.com\/en\/wp-json\/wp\/v2\/rooms\/1283\/revisions\/1284"}],"wp:featuredmedia":[{"embeddable":true,"href":"https:\/\/somnisdelemporda.com\/en\/wp-json\/wp\/v2\/media\/707"}],"wp:attachment":[{"href":"https:\/\/somnisdelemporda.com\/en\/wp-json\/wp\/v2\/media?parent=1283"}],"curies":[{"name":"wp","href":"https:\/\/api.w.org\/{rel}","templated":true}]}}

<p>Relax in this bright suite overlooking the fields and inspired by the colors of nature. While you contemplate the unique sunsets of l&#8217; Empordà from the old &#8220;festejadors&#8221; (stone bench located next to the windows, typical of castles and farmhouses).</p>

<p>Measures 28m, king size bed (180x2m), large bathroom area with rain shower, Toba catalana (terracotta tiles over 200 years old), leather sofa, minibar, coffee maker, air conditioning, flat screen TV, free wifi, Rituals amenities.</p>

<p><a></a>The price of the suite includes a delicious buffet breakfast with local products such as cold meats, Iberian ham, eggs from our henhouse, fruits and vegetables from the garden, homemade cakes, smoothies and natural juices.</p>

<p>Relax in this bright suite overlooking the fields and inspired by the colors of nature. While you contemplate the unique sunsets of l&#8217; Empordà from the old &#8220;festejadors&#8221; (stone bench located next to the windows, typical of castles and farmhouses). Measures 28m, king size bed (180x2m), large bathroom area with rain shower, Toba catalana (terracotta [&hellip;]</p>

<!-- This site is optimized with the Yoast SEO plugin v27.5 - https://yoast.com/product/yoast-seo-wordpress/ -->
<title>Bronze Suite - Somnis de l&#039;Empordà</title>
<meta name="robots" content="index, follow, max-snippet:-1, max-image-preview:large, max-video-preview:-1" />
<link rel="canonical" href="https://somnisdelemporda.com/en/rooms/bronze-suite/" />
<meta property="og:locale" content="en_US" />
<meta property="og:type" content="article" />
<meta property="og:title" content="Bronze Suite - Somnis de l&#039;Empordà" />
<meta property="og:description" content="Relax in this bright suite overlooking the fields and inspired by the colors of nature. While you contemplate the unique sunsets of l&#8217; Empordà from the old &#8220;festejadors&#8221; (stone bench located next to the windows, typical of castles and farmhouses). Measures 28m, king size bed (180x2m), large bathroom area with rain shower, Toba catalana (terracotta [&hellip;]" />
<meta property="og:url" content="https://somnisdelemporda.com/en/rooms/bronze-suite/" />
<meta property="og:site_name" content="Somnis de l&#039;Empordà" />
<meta property="article:publisher" content="https://www.facebook.com/people/Somnis-de-l-Empord/100063805333548/" />
<meta property="article:modified_time" content="2023-04-26T14:38:43+00:00" />
<meta property="og:image" content="https://somnisdelemporda.com/wp-content/uploads/2023/03/B2A2177-1-scaled.jpg" />
	<meta property="og:image:width" content="2560" />
	<meta property="og:image:height" content="1707" />
	<meta property="og:image:type" content="image/jpeg" />
<meta name="twitter:card" content="summary_large_image" />
<meta name="twitter:label1" content="Est. reading time" />
	<meta name="twitter:data1" content="1 minute" />
<script type="application/ld+json" class="yoast-schema-graph">{"@context":"https:\/\/schema.org","@graph":[{"@type":"WebPage","@id":"https:\/\/somnisdelemporda.com\/en\/rooms\/bronze-suite\/","url":"https:\/\/somnisdelemporda.com\/en\/rooms\/bronze-suite\/","name":"Bronze Suite - Somnis de l&#039;Empordà","isPartOf":{"@id":"https:\/\/somnisdelemporda.com\/en\/#website"},"primaryImageOfPage":{"@id":"https:\/\/somnisdelemporda.com\/en\/rooms\/bronze-suite\/#primaryimage"},"image":{"@id":"https:\/\/somnisdelemporda.com\/en\/rooms\/bronze-suite\/#primaryimage"},"thumbnailUrl":"https:\/\/somnisdelemporda.com\/wp-content\/uploads\/2023\/03\/B2A2177-1-scaled.jpg","datePublished":"2023-03-16T10:45:33+00:00","dateModified":"2023-04-26T14:38:43+00:00","breadcrumb":{"@id":"https:\/\/somnisdelemporda.com\/en\/rooms\/bronze-suite\/#breadcrumb"},"inLanguage":"en-US","potentialAction":[{"@type":"ReadAction","target":["https:\/\/somnisdelemporda.com\/en\/rooms\/bronze-suite\/"]}]},{"@type":"ImageObject","inLanguage":"en-US","@id":"https:\/\/somnisdelemporda.com\/en\/rooms\/bronze-suite\/#primaryimage","url":"https:\/\/somnisdelemporda.com\/wp-content\/uploads\/2023\/03\/B2A2177-1-scaled.jpg","contentUrl":"https:\/\/somnisdelemporda.com\/wp-content\/uploads\/2023\/03\/B2A2177-1-scaled.jpg","width":2560,"height":1707},{"@type":"BreadcrumbList","@id":"https:\/\/somnisdelemporda.com\/en\/rooms\/bronze-suite\/#breadcrumb","itemListElement":[{"@type":"ListItem","position":1,"name":"Portada","item":"https:\/\/somnisdelemporda.com\/en\/"},{"@type":"ListItem","position":2,"name":"Rooms","item":"https:\/\/somnisdelemporda.com\/en\/rooms\/"},{"@type":"ListItem","position":3,"name":"Bronze Suite"}]},{"@type":"WebSite","@id":"https:\/\/somnisdelemporda.com\/en\/#website","url":"https:\/\/somnisdelemporda.com\/en\/","name":"Somnis de l'Empordà","description":"Masía rural en el corazón de l&#039;Empordà","publisher":{"@id":"https:\/\/somnisdelemporda.com\/en\/#organization"},"potentialAction":[{"@type":"SearchAction","target":{"@type":"EntryPoint","urlTemplate":"https:\/\/somnisdelemporda.com\/en\/?s={search_term_string}"},"query-input":{"@type":"PropertyValueSpecification","valueRequired":true,"valueName":"search_term_string"}}],"inLanguage":"en-US"},{"@type":"Organization","@id":"https:\/\/somnisdelemporda.com\/en\/#organization","name":"Somnis de l'Empordà","url":"https:\/\/somnisdelemporda.com\/en\/","logo":{"@type":"ImageObject","inLanguage":"en-US","@id":"https:\/\/somnisdelemporda.com\/en\/#\/schema\/logo\/image\/","url":"https:\/\/somnisdelemporda.com\/wp-content\/uploads\/2023\/03\/logo-somnis-de-lemporda_Logo-sans-serif.svg","contentUrl":"https:\/\/somnisdelemporda.com\/wp-content\/uploads\/2023\/03\/logo-somnis-de-lemporda_Logo-sans-serif.svg","caption":"Somnis de l'Empordà"},"image":{"@id":"https:\/\/somnisdelemporda.com\/en\/#\/schema\/logo\/image\/"},"sameAs":["https:\/\/www.facebook.com\/people\/Somnis-de-l-Empord\/100063805333548\/"]}]}</script>
<!-- / Yoast SEO plugin. -->

Bronze Suite - Somnis de l&#039;Empordà

Relax in this bright suite overlooking the fields and inspired by the colors of nature. While you contemplate the unique sunsets of l&#8217; Empordà from the old &#8220;festejadors&#8221; (stone bench located next to the windows, typical of castles and farmhouses). Measures 28m, king size bed (180x2m), large bathroom area with rain shower, Toba catalana (terracotta [&hellip;]

Somnis de l&#039;Empordà

Somnis de l'Empordà

Masía rural en el corazón de l&#039;Empordà
