{"id":1603,"date":"2023-03-13T08:55:04","date_gmt":"2023-03-13T08:55:04","guid":{"rendered":"https:\/\/somnisdelemporda.com\/la-masia\/"},"modified":"2024-06-18T09:08:30","modified_gmt":"2024-06-18T09:08:30","slug":"la-masia","status":"publish","type":"page","link":"https:\/\/somnisdelemporda.com\/fr\/la-masia\/","title":{"rendered":"La Mas\u00eda"},"content":{"rendered":"\n<h2 class=\"has-text-align-center wp-block-heading\">Notre philosophie<\/h2>\n\n<p>Nous cherchions une ferme loin de l&rsquo;agitation et de la surpopulation, o\u00f9 le repos et la d\u00e9tente seraient une priorit\u00e9, \u00e0 quelques minutes des meilleures plages de la Costa Brava, un endroit qui pourrait accueillir notre famille, pleine de projets et de r\u00eaves. Lorsque nous avons vu cette ferme, nous avons eu le coup de foudre. \u00c0 l&rsquo;\u00e9poque, elle \u00e9tait tr\u00e8s d\u00e9t\u00e9rior\u00e9e, mais nous savions que derri\u00e8re ces murs de pierre, nos r\u00eaves pouvaient \u00eatre sculpt\u00e9s.<\/p>\n\n<p>Apr\u00e8s de nombreuses ann\u00e9es de travail pour pr\u00e9server les mat\u00e9riaux anciens qui font partie de l&rsquo;histoire du domaine. Le Somnis de l&rsquo;Empord\u00e0 est devenu notre mode de vie, o\u00f9 tout s&rsquo;\u00e9coule plus lentement. Nous nous concentrons sur les petites choses, celles qui font la diff\u00e9rence, en nous connectant \u00e0 notre environnement et \u00e0 la nature, avec une alimentation responsable, durable et respectueuse de l&rsquo;environnement, un style de vie que nous voulons partager avec vous.<\/p>\n","protected":false},"excerpt":{"rendered":"<p>Notre philosophie Nous cherchions une ferme loin de l&rsquo;agitation et de la surpopulation, o\u00f9 le repos et la d\u00e9tente seraient une priorit\u00e9, \u00e0 quelques minutes des meilleures plages de la Costa Brava, un endroit qui pourrait accueillir notre famille, pleine de projets et de r\u00eaves. Lorsque nous avons vu cette ferme, nous avons eu le [&hellip;]<\/p>\n","protected":false},"author":1,"featured_media":0,"parent":0,"menu_order":0,"comment_status":"closed","ping_status":"closed","template":"","meta":{"_joinchat":[],"footnotes":""},"class_list":["post-1603","page","type-page","status-publish","hentry"],"yoast_head":"<!-- This site is optimized with the Yoast SEO plugin v27.5 - https:\/\/yoast.com\/product\/yoast-seo-wordpress\/ -->\n<title>La Mas\u00eda - Somnis de l&#039;Empord\u00e0<\/title>\n<meta name=\"robots\" content=\"index, follow, max-snippet:-1, max-image-preview:large, max-video-preview:-1\" \/>\n<link rel=\"canonical\" href=\"https:\/\/somnisdelemporda.com\/fr\/la-masia\/\" \/>\n<meta property=\"og:locale\" content=\"fr_FR\" \/>\n<meta property=\"og:type\" content=\"article\" \/>\n<meta property=\"og:title\" content=\"La Mas\u00eda - Somnis de l&#039;Empord\u00e0\" \/>\n<meta property=\"og:description\" content=\"Notre philosophie Nous cherchions une ferme loin de l&rsquo;agitation et de la surpopulation, o\u00f9 le repos et la d\u00e9tente seraient une priorit\u00e9, \u00e0 quelques minutes des meilleures plages de la Costa Brava, un endroit qui pourrait accueillir notre famille, pleine de projets et de r\u00eaves. Lorsque nous avons vu cette ferme, nous avons eu le [&hellip;]\" \/>\n<meta property=\"og:url\" content=\"https:\/\/somnisdelemporda.com\/fr\/la-masia\/\" \/>\n<meta property=\"og:site_name\" content=\"Somnis de l&#039;Empord\u00e0\" \/>\n<meta property=\"article:publisher\" content=\"https:\/\/www.facebook.com\/people\/Somnis-de-l-Empord\/100063805333548\/\" \/>\n<meta property=\"article:modified_time\" content=\"2024-06-18T09:08:30+00:00\" \/>\n<meta name=\"twitter:card\" content=\"summary_large_image\" \/>\n<meta name=\"twitter:label1\" content=\"Dur\u00e9e de lecture estim\u00e9e\" \/>\n\t<meta name=\"twitter:data1\" content=\"1 minute\" \/>\n<script type=\"application\/ld+json\" class=\"yoast-schema-graph\">{\"@context\":\"https:\\\/\\\/schema.org\",\"@graph\":[{\"@type\":\"WebPage\",\"@id\":\"https:\\\/\\\/somnisdelemporda.com\\\/fr\\\/la-masia\\\/\",\"url\":\"https:\\\/\\\/somnisdelemporda.com\\\/fr\\\/la-masia\\\/\",\"name\":\"La Mas\u00eda - Somnis de l&#039;Empord\u00e0\",\"isPartOf\":{\"@id\":\"https:\\\/\\\/somnisdelemporda.com\\\/fr\\\/#website\"},\"datePublished\":\"2023-03-13T08:55:04+00:00\",\"dateModified\":\"2024-06-18T09:08:30+00:00\",\"breadcrumb\":{\"@id\":\"https:\\\/\\\/somnisdelemporda.com\\\/fr\\\/la-masia\\\/#breadcrumb\"},\"inLanguage\":\"fr-FR\",\"potentialAction\":[{\"@type\":\"ReadAction\",\"target\":[\"https:\\\/\\\/somnisdelemporda.com\\\/fr\\\/la-masia\\\/\"]}]},{\"@type\":\"BreadcrumbList\",\"@id\":\"https:\\\/\\\/somnisdelemporda.com\\\/fr\\\/la-masia\\\/#breadcrumb\",\"itemListElement\":[{\"@type\":\"ListItem\",\"position\":1,\"name\":\"Portada\",\"item\":\"https:\\\/\\\/somnisdelemporda.com\\\/fr\\\/\"},{\"@type\":\"ListItem\",\"position\":2,\"name\":\"La Mas\u00eda\"}]},{\"@type\":\"WebSite\",\"@id\":\"https:\\\/\\\/somnisdelemporda.com\\\/fr\\\/#website\",\"url\":\"https:\\\/\\\/somnisdelemporda.com\\\/fr\\\/\",\"name\":\"Somnis de l'Empord\u00e0\",\"description\":\"Mas\u00eda rural en el coraz\u00f3n de l&#039;Empord\u00e0\",\"publisher\":{\"@id\":\"https:\\\/\\\/somnisdelemporda.com\\\/fr\\\/#organization\"},\"potentialAction\":[{\"@type\":\"SearchAction\",\"target\":{\"@type\":\"EntryPoint\",\"urlTemplate\":\"https:\\\/\\\/somnisdelemporda.com\\\/fr\\\/?s={search_term_string}\"},\"query-input\":{\"@type\":\"PropertyValueSpecification\",\"valueRequired\":true,\"valueName\":\"search_term_string\"}}],\"inLanguage\":\"fr-FR\"},{\"@type\":\"Organization\",\"@id\":\"https:\\\/\\\/somnisdelemporda.com\\\/fr\\\/#organization\",\"name\":\"Somnis de l'Empord\u00e0\",\"url\":\"https:\\\/\\\/somnisdelemporda.com\\\/fr\\\/\",\"logo\":{\"@type\":\"ImageObject\",\"inLanguage\":\"fr-FR\",\"@id\":\"https:\\\/\\\/somnisdelemporda.com\\\/fr\\\/#\\\/schema\\\/logo\\\/image\\\/\",\"url\":\"https:\\\/\\\/somnisdelemporda.com\\\/wp-content\\\/uploads\\\/2023\\\/03\\\/logo-somnis-de-lemporda_Logo-sans-serif.svg\",\"contentUrl\":\"https:\\\/\\\/somnisdelemporda.com\\\/wp-content\\\/uploads\\\/2023\\\/03\\\/logo-somnis-de-lemporda_Logo-sans-serif.svg\",\"caption\":\"Somnis de l'Empord\u00e0\"},\"image\":{\"@id\":\"https:\\\/\\\/somnisdelemporda.com\\\/fr\\\/#\\\/schema\\\/logo\\\/image\\\/\"},\"sameAs\":[\"https:\\\/\\\/www.facebook.com\\\/people\\\/Somnis-de-l-Empord\\\/100063805333548\\\/\"]}]}<\/script>\n<!-- \/ Yoast SEO plugin. -->","yoast_head_json":{"title":"La Mas\u00eda - Somnis de l&#039;Empord\u00e0","robots":{"index":"index","follow":"follow","max-snippet":"max-snippet:-1","max-image-preview":"max-image-preview:large","max-video-preview":"max-video-preview:-1"},"canonical":"https:\/\/somnisdelemporda.com\/fr\/la-masia\/","og_locale":"fr_FR","og_type":"article","og_title":"La Mas\u00eda - Somnis de l&#039;Empord\u00e0","og_description":"Notre philosophie Nous cherchions une ferme loin de l&rsquo;agitation et de la surpopulation, o\u00f9 le repos et la d\u00e9tente seraient une priorit\u00e9, \u00e0 quelques minutes des meilleures plages de la Costa Brava, un endroit qui pourrait accueillir notre famille, pleine de projets et de r\u00eaves. Lorsque nous avons vu cette ferme, nous avons eu le [&hellip;]","og_url":"https:\/\/somnisdelemporda.com\/fr\/la-masia\/","og_site_name":"Somnis de l&#039;Empord\u00e0","article_publisher":"https:\/\/www.facebook.com\/people\/Somnis-de-l-Empord\/100063805333548\/","article_modified_time":"2024-06-18T09:08:30+00:00","twitter_card":"summary_large_image","twitter_misc":{"Dur\u00e9e de lecture estim\u00e9e":"1 minute"},"schema":{"@context":"https:\/\/schema.org","@graph":[{"@type":"WebPage","@id":"https:\/\/somnisdelemporda.com\/fr\/la-masia\/","url":"https:\/\/somnisdelemporda.com\/fr\/la-masia\/","name":"La Mas\u00eda - Somnis de l&#039;Empord\u00e0","isPartOf":{"@id":"https:\/\/somnisdelemporda.com\/fr\/#website"},"datePublished":"2023-03-13T08:55:04+00:00","dateModified":"2024-06-18T09:08:30+00:00","breadcrumb":{"@id":"https:\/\/somnisdelemporda.com\/fr\/la-masia\/#breadcrumb"},"inLanguage":"fr-FR","potentialAction":[{"@type":"ReadAction","target":["https:\/\/somnisdelemporda.com\/fr\/la-masia\/"]}]},{"@type":"BreadcrumbList","@id":"https:\/\/somnisdelemporda.com\/fr\/la-masia\/#breadcrumb","itemListElement":[{"@type":"ListItem","position":1,"name":"Portada","item":"https:\/\/somnisdelemporda.com\/fr\/"},{"@type":"ListItem","position":2,"name":"La Mas\u00eda"}]},{"@type":"WebSite","@id":"https:\/\/somnisdelemporda.com\/fr\/#website","url":"https:\/\/somnisdelemporda.com\/fr\/","name":"Somnis de l'Empord\u00e0","description":"Mas\u00eda rural en el coraz\u00f3n de l&#039;Empord\u00e0","publisher":{"@id":"https:\/\/somnisdelemporda.com\/fr\/#organization"},"potentialAction":[{"@type":"SearchAction","target":{"@type":"EntryPoint","urlTemplate":"https:\/\/somnisdelemporda.com\/fr\/?s={search_term_string}"},"query-input":{"@type":"PropertyValueSpecification","valueRequired":true,"valueName":"search_term_string"}}],"inLanguage":"fr-FR"},{"@type":"Organization","@id":"https:\/\/somnisdelemporda.com\/fr\/#organization","name":"Somnis de l'Empord\u00e0","url":"https:\/\/somnisdelemporda.com\/fr\/","logo":{"@type":"ImageObject","inLanguage":"fr-FR","@id":"https:\/\/somnisdelemporda.com\/fr\/#\/schema\/logo\/image\/","url":"https:\/\/somnisdelemporda.com\/wp-content\/uploads\/2023\/03\/logo-somnis-de-lemporda_Logo-sans-serif.svg","contentUrl":"https:\/\/somnisdelemporda.com\/wp-content\/uploads\/2023\/03\/logo-somnis-de-lemporda_Logo-sans-serif.svg","caption":"Somnis de l'Empord\u00e0"},"image":{"@id":"https:\/\/somnisdelemporda.com\/fr\/#\/schema\/logo\/image\/"},"sameAs":["https:\/\/www.facebook.com\/people\/Somnis-de-l-Empord\/100063805333548\/"]}]}},"_links":{"self":[{"href":"https:\/\/somnisdelemporda.com\/fr\/wp-json\/wp\/v2\/pages\/1603","targetHints":{"allow":["GET"]}}],"collection":[{"href":"https:\/\/somnisdelemporda.com\/fr\/wp-json\/wp\/v2\/pages"}],"about":[{"href":"https:\/\/somnisdelemporda.com\/fr\/wp-json\/wp\/v2\/types\/page"}],"author":[{"embeddable":true,"href":"https:\/\/somnisdelemporda.com\/fr\/wp-json\/wp\/v2\/users\/1"}],"replies":[{"embeddable":true,"href":"https:\/\/somnisdelemporda.com\/fr\/wp-json\/wp\/v2\/comments?post=1603"}],"version-history":[{"count":2,"href":"https:\/\/somnisdelemporda.com\/fr\/wp-json\/wp\/v2\/pages\/1603\/revisions"}],"predecessor-version":[{"id":1605,"href":"https:\/\/somnisdelemporda.com\/fr\/wp-json\/wp\/v2\/pages\/1603\/revisions\/1605"}],"wp:attachment":[{"href":"https:\/\/somnisdelemporda.com\/fr\/wp-json\/wp\/v2\/media?parent=1603"}],"curies":[{"name":"wp","href":"https:\/\/api.w.org\/{rel}","templated":true}]}}

La Masía

<h2 class="has-text-align-center wp-block-heading">Notre philosophie</h2>

<p>Nous cherchions une ferme loin de l&rsquo;agitation et de la surpopulation, où le repos et la détente seraient une priorité, à quelques minutes des meilleures plages de la Costa Brava, un endroit qui pourrait accueillir notre famille, pleine de projets et de rêves. Lorsque nous avons vu cette ferme, nous avons eu le coup de foudre. À l&rsquo;époque, elle était très détériorée, mais nous savions que derrière ces murs de pierre, nos rêves pouvaient être sculptés.</p>

<p>Après de nombreuses années de travail pour préserver les matériaux anciens qui font partie de l&rsquo;histoire du domaine. Le Somnis de l&rsquo;Empordà est devenu notre mode de vie, où tout s&rsquo;écoule plus lentement. Nous nous concentrons sur les petites choses, celles qui font la différence, en nous connectant à notre environnement et à la nature, avec une alimentation responsable, durable et respectueuse de l&rsquo;environnement, un style de vie que nous voulons partager avec vous.</p>

<p>Notre philosophie Nous cherchions une ferme loin de l&rsquo;agitation et de la surpopulation, où le repos et la détente seraient une priorité, à quelques minutes des meilleures plages de la Costa Brava, un endroit qui pourrait accueillir notre famille, pleine de projets et de rêves. Lorsque nous avons vu cette ferme, nous avons eu le [&hellip;]</p>

<!-- This site is optimized with the Yoast SEO plugin v27.5 - https://yoast.com/product/yoast-seo-wordpress/ -->
<title>La Masía - Somnis de l&#039;Empordà</title>
<meta name="robots" content="index, follow, max-snippet:-1, max-image-preview:large, max-video-preview:-1" />
<link rel="canonical" href="https://somnisdelemporda.com/fr/la-masia/" />
<meta property="og:locale" content="fr_FR" />
<meta property="og:type" content="article" />
<meta property="og:title" content="La Masía - Somnis de l&#039;Empordà" />
<meta property="og:description" content="Notre philosophie Nous cherchions une ferme loin de l&rsquo;agitation et de la surpopulation, où le repos et la détente seraient une priorité, à quelques minutes des meilleures plages de la Costa Brava, un endroit qui pourrait accueillir notre famille, pleine de projets et de rêves. Lorsque nous avons vu cette ferme, nous avons eu le [&hellip;]" />
<meta property="og:url" content="https://somnisdelemporda.com/fr/la-masia/" />
<meta property="og:site_name" content="Somnis de l&#039;Empordà" />
<meta property="article:publisher" content="https://www.facebook.com/people/Somnis-de-l-Empord/100063805333548/" />
<meta property="article:modified_time" content="2024-06-18T09:08:30+00:00" />
<meta name="twitter:card" content="summary_large_image" />
<meta name="twitter:label1" content="Durée de lecture estimée" />
	<meta name="twitter:data1" content="1 minute" />
<script type="application/ld+json" class="yoast-schema-graph">{"@context":"https:\/\/schema.org","@graph":[{"@type":"WebPage","@id":"https:\/\/somnisdelemporda.com\/fr\/la-masia\/","url":"https:\/\/somnisdelemporda.com\/fr\/la-masia\/","name":"La Masía - Somnis de l&#039;Empordà","isPartOf":{"@id":"https:\/\/somnisdelemporda.com\/fr\/#website"},"datePublished":"2023-03-13T08:55:04+00:00","dateModified":"2024-06-18T09:08:30+00:00","breadcrumb":{"@id":"https:\/\/somnisdelemporda.com\/fr\/la-masia\/#breadcrumb"},"inLanguage":"fr-FR","potentialAction":[{"@type":"ReadAction","target":["https:\/\/somnisdelemporda.com\/fr\/la-masia\/"]}]},{"@type":"BreadcrumbList","@id":"https:\/\/somnisdelemporda.com\/fr\/la-masia\/#breadcrumb","itemListElement":[{"@type":"ListItem","position":1,"name":"Portada","item":"https:\/\/somnisdelemporda.com\/fr\/"},{"@type":"ListItem","position":2,"name":"La Masía"}]},{"@type":"WebSite","@id":"https:\/\/somnisdelemporda.com\/fr\/#website","url":"https:\/\/somnisdelemporda.com\/fr\/","name":"Somnis de l'Empordà","description":"Masía rural en el corazón de l&#039;Empordà","publisher":{"@id":"https:\/\/somnisdelemporda.com\/fr\/#organization"},"potentialAction":[{"@type":"SearchAction","target":{"@type":"EntryPoint","urlTemplate":"https:\/\/somnisdelemporda.com\/fr\/?s={search_term_string}"},"query-input":{"@type":"PropertyValueSpecification","valueRequired":true,"valueName":"search_term_string"}}],"inLanguage":"fr-FR"},{"@type":"Organization","@id":"https:\/\/somnisdelemporda.com\/fr\/#organization","name":"Somnis de l'Empordà","url":"https:\/\/somnisdelemporda.com\/fr\/","logo":{"@type":"ImageObject","inLanguage":"fr-FR","@id":"https:\/\/somnisdelemporda.com\/fr\/#\/schema\/logo\/image\/","url":"https:\/\/somnisdelemporda.com\/wp-content\/uploads\/2023\/03\/logo-somnis-de-lemporda_Logo-sans-serif.svg","contentUrl":"https:\/\/somnisdelemporda.com\/wp-content\/uploads\/2023\/03\/logo-somnis-de-lemporda_Logo-sans-serif.svg","caption":"Somnis de l'Empordà"},"image":{"@id":"https:\/\/somnisdelemporda.com\/fr\/#\/schema\/logo\/image\/"},"sameAs":["https:\/\/www.facebook.com\/people\/Somnis-de-l-Empord\/100063805333548\/"]}]}</script>
<!-- / Yoast SEO plugin. -->

La Masía - Somnis de l&#039;Empordà

Notre philosophie Nous cherchions une ferme loin de l&rsquo;agitation et de la surpopulation, où le repos et la détente seraient une priorité, à quelques minutes des meilleures plages de la Costa Brava, un endroit qui pourrait accueillir notre famille, pleine de projets et de rêves. Lorsque nous avons vu cette ferme, nous avons eu le [&hellip;]

Somnis de l&#039;Empordà

Somnis de l'Empordà

Masía rural en el corazón de l&#039;Empordà
