{"id":1285,"date":"2023-03-16T10:45:33","date_gmt":"2023-03-16T10:45:33","guid":{"rendered":"https:\/\/somnisdelemporda.com\/rooms\/suite-bronze\/"},"modified":"2023-04-26T14:41:40","modified_gmt":"2023-04-26T14:41:40","slug":"suite-bronze","status":"publish","type":"rooms","link":"https:\/\/somnisdelemporda.com\/fr\/rooms\/suite-bronze\/","title":{"rendered":"Suite Bronze"},"content":{"rendered":"\n<p>D\u00e9tendez-vous dans cette suite lumineuse donnant sur la campagne et inspir\u00e9e par les couleurs de la nature. Tout en contemplant les couchers de soleil uniques de l&rsquo;Empord\u00e0 depuis les anciens \u00ab\u00a0festejadors\u00a0\u00bb (bancs en pierre pr\u00e8s des fen\u00eatres, typiques des ch\u00e2teaux et des fermes).<\/p>\n\n<p>Dimensions 28m, lit king size (180x2m), grande salle de bain avec douche \u00e0 effet pluie, Toba catalana (carreaux de terre cuite vieux de plus de 200 ans), canap\u00e9 en cuir, minibar, machine \u00e0 caf\u00e9, air conditionn\u00e9, TV \u00e9cran plat, wifi gratuit, \u00e9quipements Rituals.<\/p>\n\n<p><a><\/a>Le prix de la suite comprend un d\u00e9licieux petit-d\u00e9jeuner buffet compos\u00e9 de produits locaux tels que de la charcuterie, du jambon ib\u00e9rique, des \u0153ufs de notre poulailler, des fruits et l\u00e9gumes du jardin, des g\u00e2teaux faits maison, des milk-shakes et des jus de fruits naturels.<\/p>\n","protected":false},"excerpt":{"rendered":"<p>D\u00e9tendez-vous dans cette suite lumineuse donnant sur la campagne et inspir\u00e9e par les couleurs de la nature. Tout en contemplant les couchers de soleil uniques de l&rsquo;Empord\u00e0 depuis les anciens \u00ab\u00a0festejadors\u00a0\u00bb (bancs en pierre pr\u00e8s des fen\u00eatres, typiques des ch\u00e2teaux et des fermes). Dimensions 28m, lit king size (180x2m), grande salle de bain avec douche [&hellip;]<\/p>\n","protected":false},"featured_media":708,"template":"","meta":{"_joinchat":[],"footnotes":""},"class_list":["post-1285","rooms","type-rooms","status-publish","has-post-thumbnail","hentry"],"yoast_head":"<!-- This site is optimized with the Yoast SEO plugin v27.5 - https:\/\/yoast.com\/product\/yoast-seo-wordpress\/ -->\n<title>Suite Bronze - Somnis de l&#039;Empord\u00e0<\/title>\n<meta name=\"robots\" content=\"index, follow, max-snippet:-1, max-image-preview:large, max-video-preview:-1\" \/>\n<link rel=\"canonical\" href=\"https:\/\/somnisdelemporda.com\/fr\/rooms\/suite-bronze\/\" \/>\n<meta property=\"og:locale\" content=\"fr_FR\" \/>\n<meta property=\"og:type\" content=\"article\" \/>\n<meta property=\"og:title\" content=\"Suite Bronze - Somnis de l&#039;Empord\u00e0\" \/>\n<meta property=\"og:description\" content=\"D\u00e9tendez-vous dans cette suite lumineuse donnant sur la campagne et inspir\u00e9e par les couleurs de la nature. Tout en contemplant les couchers de soleil uniques de l&rsquo;Empord\u00e0 depuis les anciens \u00ab\u00a0festejadors\u00a0\u00bb (bancs en pierre pr\u00e8s des fen\u00eatres, typiques des ch\u00e2teaux et des fermes). Dimensions 28m, lit king size (180x2m), grande salle de bain avec douche [&hellip;]\" \/>\n<meta property=\"og:url\" content=\"https:\/\/somnisdelemporda.com\/fr\/rooms\/suite-bronze\/\" \/>\n<meta property=\"og:site_name\" content=\"Somnis de l&#039;Empord\u00e0\" \/>\n<meta property=\"article:publisher\" content=\"https:\/\/www.facebook.com\/people\/Somnis-de-l-Empord\/100063805333548\/\" \/>\n<meta property=\"article:modified_time\" content=\"2023-04-26T14:41:40+00:00\" \/>\n<meta property=\"og:image\" content=\"https:\/\/somnisdelemporda.com\/wp-content\/uploads\/2023\/03\/B2A2177-1-scaled.jpg\" \/>\n\t<meta property=\"og:image:width\" content=\"2560\" \/>\n\t<meta property=\"og:image:height\" content=\"1707\" \/>\n\t<meta property=\"og:image:type\" content=\"image\/jpeg\" \/>\n<meta name=\"twitter:card\" content=\"summary_large_image\" \/>\n<meta name=\"twitter:label1\" content=\"Dur\u00e9e de lecture estim\u00e9e\" \/>\n\t<meta name=\"twitter:data1\" content=\"1 minute\" \/>\n<script type=\"application\/ld+json\" class=\"yoast-schema-graph\">{\"@context\":\"https:\\\/\\\/schema.org\",\"@graph\":[{\"@type\":\"WebPage\",\"@id\":\"https:\\\/\\\/somnisdelemporda.com\\\/fr\\\/rooms\\\/suite-bronze\\\/\",\"url\":\"https:\\\/\\\/somnisdelemporda.com\\\/fr\\\/rooms\\\/suite-bronze\\\/\",\"name\":\"Suite Bronze - Somnis de l&#039;Empord\u00e0\",\"isPartOf\":{\"@id\":\"https:\\\/\\\/somnisdelemporda.com\\\/fr\\\/#website\"},\"primaryImageOfPage\":{\"@id\":\"https:\\\/\\\/somnisdelemporda.com\\\/fr\\\/rooms\\\/suite-bronze\\\/#primaryimage\"},\"image\":{\"@id\":\"https:\\\/\\\/somnisdelemporda.com\\\/fr\\\/rooms\\\/suite-bronze\\\/#primaryimage\"},\"thumbnailUrl\":\"https:\\\/\\\/somnisdelemporda.com\\\/wp-content\\\/uploads\\\/2023\\\/03\\\/B2A2177-1-scaled.jpg\",\"datePublished\":\"2023-03-16T10:45:33+00:00\",\"dateModified\":\"2023-04-26T14:41:40+00:00\",\"breadcrumb\":{\"@id\":\"https:\\\/\\\/somnisdelemporda.com\\\/fr\\\/rooms\\\/suite-bronze\\\/#breadcrumb\"},\"inLanguage\":\"fr-FR\",\"potentialAction\":[{\"@type\":\"ReadAction\",\"target\":[\"https:\\\/\\\/somnisdelemporda.com\\\/fr\\\/rooms\\\/suite-bronze\\\/\"]}]},{\"@type\":\"ImageObject\",\"inLanguage\":\"fr-FR\",\"@id\":\"https:\\\/\\\/somnisdelemporda.com\\\/fr\\\/rooms\\\/suite-bronze\\\/#primaryimage\",\"url\":\"https:\\\/\\\/somnisdelemporda.com\\\/wp-content\\\/uploads\\\/2023\\\/03\\\/B2A2177-1-scaled.jpg\",\"contentUrl\":\"https:\\\/\\\/somnisdelemporda.com\\\/wp-content\\\/uploads\\\/2023\\\/03\\\/B2A2177-1-scaled.jpg\",\"width\":2560,\"height\":1707},{\"@type\":\"BreadcrumbList\",\"@id\":\"https:\\\/\\\/somnisdelemporda.com\\\/fr\\\/rooms\\\/suite-bronze\\\/#breadcrumb\",\"itemListElement\":[{\"@type\":\"ListItem\",\"position\":1,\"name\":\"Portada\",\"item\":\"https:\\\/\\\/somnisdelemporda.com\\\/fr\\\/\"},{\"@type\":\"ListItem\",\"position\":2,\"name\":\"Rooms\",\"item\":\"https:\\\/\\\/somnisdelemporda.com\\\/fr\\\/rooms\\\/\"},{\"@type\":\"ListItem\",\"position\":3,\"name\":\"Suite Bronze\"}]},{\"@type\":\"WebSite\",\"@id\":\"https:\\\/\\\/somnisdelemporda.com\\\/fr\\\/#website\",\"url\":\"https:\\\/\\\/somnisdelemporda.com\\\/fr\\\/\",\"name\":\"Somnis de l'Empord\u00e0\",\"description\":\"Mas\u00eda rural en el coraz\u00f3n de l&#039;Empord\u00e0\",\"publisher\":{\"@id\":\"https:\\\/\\\/somnisdelemporda.com\\\/fr\\\/#organization\"},\"potentialAction\":[{\"@type\":\"SearchAction\",\"target\":{\"@type\":\"EntryPoint\",\"urlTemplate\":\"https:\\\/\\\/somnisdelemporda.com\\\/fr\\\/?s={search_term_string}\"},\"query-input\":{\"@type\":\"PropertyValueSpecification\",\"valueRequired\":true,\"valueName\":\"search_term_string\"}}],\"inLanguage\":\"fr-FR\"},{\"@type\":\"Organization\",\"@id\":\"https:\\\/\\\/somnisdelemporda.com\\\/fr\\\/#organization\",\"name\":\"Somnis de l'Empord\u00e0\",\"url\":\"https:\\\/\\\/somnisdelemporda.com\\\/fr\\\/\",\"logo\":{\"@type\":\"ImageObject\",\"inLanguage\":\"fr-FR\",\"@id\":\"https:\\\/\\\/somnisdelemporda.com\\\/fr\\\/#\\\/schema\\\/logo\\\/image\\\/\",\"url\":\"https:\\\/\\\/somnisdelemporda.com\\\/wp-content\\\/uploads\\\/2023\\\/03\\\/logo-somnis-de-lemporda_Logo-sans-serif.svg\",\"contentUrl\":\"https:\\\/\\\/somnisdelemporda.com\\\/wp-content\\\/uploads\\\/2023\\\/03\\\/logo-somnis-de-lemporda_Logo-sans-serif.svg\",\"caption\":\"Somnis de l'Empord\u00e0\"},\"image\":{\"@id\":\"https:\\\/\\\/somnisdelemporda.com\\\/fr\\\/#\\\/schema\\\/logo\\\/image\\\/\"},\"sameAs\":[\"https:\\\/\\\/www.facebook.com\\\/people\\\/Somnis-de-l-Empord\\\/100063805333548\\\/\"]}]}<\/script>\n<!-- \/ Yoast SEO plugin. -->","yoast_head_json":{"title":"Suite Bronze - Somnis de l&#039;Empord\u00e0","robots":{"index":"index","follow":"follow","max-snippet":"max-snippet:-1","max-image-preview":"max-image-preview:large","max-video-preview":"max-video-preview:-1"},"canonical":"https:\/\/somnisdelemporda.com\/fr\/rooms\/suite-bronze\/","og_locale":"fr_FR","og_type":"article","og_title":"Suite Bronze - Somnis de l&#039;Empord\u00e0","og_description":"D\u00e9tendez-vous dans cette suite lumineuse donnant sur la campagne et inspir\u00e9e par les couleurs de la nature. Tout en contemplant les couchers de soleil uniques de l&rsquo;Empord\u00e0 depuis les anciens \u00ab\u00a0festejadors\u00a0\u00bb (bancs en pierre pr\u00e8s des fen\u00eatres, typiques des ch\u00e2teaux et des fermes). Dimensions 28m, lit king size (180x2m), grande salle de bain avec douche [&hellip;]","og_url":"https:\/\/somnisdelemporda.com\/fr\/rooms\/suite-bronze\/","og_site_name":"Somnis de l&#039;Empord\u00e0","article_publisher":"https:\/\/www.facebook.com\/people\/Somnis-de-l-Empord\/100063805333548\/","article_modified_time":"2023-04-26T14:41:40+00:00","og_image":[{"width":2560,"height":1707,"url":"https:\/\/somnisdelemporda.com\/wp-content\/uploads\/2023\/03\/B2A2177-1-scaled.jpg","type":"image\/jpeg"}],"twitter_card":"summary_large_image","twitter_misc":{"Dur\u00e9e de lecture estim\u00e9e":"1 minute"},"schema":{"@context":"https:\/\/schema.org","@graph":[{"@type":"WebPage","@id":"https:\/\/somnisdelemporda.com\/fr\/rooms\/suite-bronze\/","url":"https:\/\/somnisdelemporda.com\/fr\/rooms\/suite-bronze\/","name":"Suite Bronze - Somnis de l&#039;Empord\u00e0","isPartOf":{"@id":"https:\/\/somnisdelemporda.com\/fr\/#website"},"primaryImageOfPage":{"@id":"https:\/\/somnisdelemporda.com\/fr\/rooms\/suite-bronze\/#primaryimage"},"image":{"@id":"https:\/\/somnisdelemporda.com\/fr\/rooms\/suite-bronze\/#primaryimage"},"thumbnailUrl":"https:\/\/somnisdelemporda.com\/wp-content\/uploads\/2023\/03\/B2A2177-1-scaled.jpg","datePublished":"2023-03-16T10:45:33+00:00","dateModified":"2023-04-26T14:41:40+00:00","breadcrumb":{"@id":"https:\/\/somnisdelemporda.com\/fr\/rooms\/suite-bronze\/#breadcrumb"},"inLanguage":"fr-FR","potentialAction":[{"@type":"ReadAction","target":["https:\/\/somnisdelemporda.com\/fr\/rooms\/suite-bronze\/"]}]},{"@type":"ImageObject","inLanguage":"fr-FR","@id":"https:\/\/somnisdelemporda.com\/fr\/rooms\/suite-bronze\/#primaryimage","url":"https:\/\/somnisdelemporda.com\/wp-content\/uploads\/2023\/03\/B2A2177-1-scaled.jpg","contentUrl":"https:\/\/somnisdelemporda.com\/wp-content\/uploads\/2023\/03\/B2A2177-1-scaled.jpg","width":2560,"height":1707},{"@type":"BreadcrumbList","@id":"https:\/\/somnisdelemporda.com\/fr\/rooms\/suite-bronze\/#breadcrumb","itemListElement":[{"@type":"ListItem","position":1,"name":"Portada","item":"https:\/\/somnisdelemporda.com\/fr\/"},{"@type":"ListItem","position":2,"name":"Rooms","item":"https:\/\/somnisdelemporda.com\/fr\/rooms\/"},{"@type":"ListItem","position":3,"name":"Suite Bronze"}]},{"@type":"WebSite","@id":"https:\/\/somnisdelemporda.com\/fr\/#website","url":"https:\/\/somnisdelemporda.com\/fr\/","name":"Somnis de l'Empord\u00e0","description":"Mas\u00eda rural en el coraz\u00f3n de l&#039;Empord\u00e0","publisher":{"@id":"https:\/\/somnisdelemporda.com\/fr\/#organization"},"potentialAction":[{"@type":"SearchAction","target":{"@type":"EntryPoint","urlTemplate":"https:\/\/somnisdelemporda.com\/fr\/?s={search_term_string}"},"query-input":{"@type":"PropertyValueSpecification","valueRequired":true,"valueName":"search_term_string"}}],"inLanguage":"fr-FR"},{"@type":"Organization","@id":"https:\/\/somnisdelemporda.com\/fr\/#organization","name":"Somnis de l'Empord\u00e0","url":"https:\/\/somnisdelemporda.com\/fr\/","logo":{"@type":"ImageObject","inLanguage":"fr-FR","@id":"https:\/\/somnisdelemporda.com\/fr\/#\/schema\/logo\/image\/","url":"https:\/\/somnisdelemporda.com\/wp-content\/uploads\/2023\/03\/logo-somnis-de-lemporda_Logo-sans-serif.svg","contentUrl":"https:\/\/somnisdelemporda.com\/wp-content\/uploads\/2023\/03\/logo-somnis-de-lemporda_Logo-sans-serif.svg","caption":"Somnis de l'Empord\u00e0"},"image":{"@id":"https:\/\/somnisdelemporda.com\/fr\/#\/schema\/logo\/image\/"},"sameAs":["https:\/\/www.facebook.com\/people\/Somnis-de-l-Empord\/100063805333548\/"]}]}},"_links":{"self":[{"href":"https:\/\/somnisdelemporda.com\/fr\/wp-json\/wp\/v2\/rooms\/1285","targetHints":{"allow":["GET"]}}],"collection":[{"href":"https:\/\/somnisdelemporda.com\/fr\/wp-json\/wp\/v2\/rooms"}],"about":[{"href":"https:\/\/somnisdelemporda.com\/fr\/wp-json\/wp\/v2\/types\/rooms"}],"version-history":[{"count":3,"href":"https:\/\/somnisdelemporda.com\/fr\/wp-json\/wp\/v2\/rooms\/1285\/revisions"}],"predecessor-version":[{"id":1288,"href":"https:\/\/somnisdelemporda.com\/fr\/wp-json\/wp\/v2\/rooms\/1285\/revisions\/1288"}],"wp:featuredmedia":[{"embeddable":true,"href":"https:\/\/somnisdelemporda.com\/fr\/wp-json\/wp\/v2\/media\/708"}],"wp:attachment":[{"href":"https:\/\/somnisdelemporda.com\/fr\/wp-json\/wp\/v2\/media?parent=1285"}],"curies":[{"name":"wp","href":"https:\/\/api.w.org\/{rel}","templated":true}]}}

<p>Détendez-vous dans cette suite lumineuse donnant sur la campagne et inspirée par les couleurs de la nature. Tout en contemplant les couchers de soleil uniques de l&rsquo;Empordà depuis les anciens « festejadors » (bancs en pierre près des fenêtres, typiques des châteaux et des fermes).</p>

<p>Dimensions 28m, lit king size (180x2m), grande salle de bain avec douche à effet pluie, Toba catalana (carreaux de terre cuite vieux de plus de 200 ans), canapé en cuir, minibar, machine à café, air conditionné, TV écran plat, wifi gratuit, équipements Rituals.</p>

<p><a></a>Le prix de la suite comprend un délicieux petit-déjeuner buffet composé de produits locaux tels que de la charcuterie, du jambon ibérique, des œufs de notre poulailler, des fruits et légumes du jardin, des gâteaux faits maison, des milk-shakes et des jus de fruits naturels.</p>

<p>Détendez-vous dans cette suite lumineuse donnant sur la campagne et inspirée par les couleurs de la nature. Tout en contemplant les couchers de soleil uniques de l&rsquo;Empordà depuis les anciens « festejadors » (bancs en pierre près des fenêtres, typiques des châteaux et des fermes). Dimensions 28m, lit king size (180x2m), grande salle de bain avec douche [&hellip;]</p>

<!-- This site is optimized with the Yoast SEO plugin v27.5 - https://yoast.com/product/yoast-seo-wordpress/ -->
<title>Suite Bronze - Somnis de l&#039;Empordà</title>
<meta name="robots" content="index, follow, max-snippet:-1, max-image-preview:large, max-video-preview:-1" />
<link rel="canonical" href="https://somnisdelemporda.com/fr/rooms/suite-bronze/" />
<meta property="og:locale" content="fr_FR" />
<meta property="og:type" content="article" />
<meta property="og:title" content="Suite Bronze - Somnis de l&#039;Empordà" />
<meta property="og:description" content="Détendez-vous dans cette suite lumineuse donnant sur la campagne et inspirée par les couleurs de la nature. Tout en contemplant les couchers de soleil uniques de l&rsquo;Empordà depuis les anciens « festejadors » (bancs en pierre près des fenêtres, typiques des châteaux et des fermes). Dimensions 28m, lit king size (180x2m), grande salle de bain avec douche [&hellip;]" />
<meta property="og:url" content="https://somnisdelemporda.com/fr/rooms/suite-bronze/" />
<meta property="og:site_name" content="Somnis de l&#039;Empordà" />
<meta property="article:publisher" content="https://www.facebook.com/people/Somnis-de-l-Empord/100063805333548/" />
<meta property="article:modified_time" content="2023-04-26T14:41:40+00:00" />
<meta property="og:image" content="https://somnisdelemporda.com/wp-content/uploads/2023/03/B2A2177-1-scaled.jpg" />
	<meta property="og:image:width" content="2560" />
	<meta property="og:image:height" content="1707" />
	<meta property="og:image:type" content="image/jpeg" />
<meta name="twitter:card" content="summary_large_image" />
<meta name="twitter:label1" content="Durée de lecture estimée" />
	<meta name="twitter:data1" content="1 minute" />
<script type="application/ld+json" class="yoast-schema-graph">{"@context":"https:\/\/schema.org","@graph":[{"@type":"WebPage","@id":"https:\/\/somnisdelemporda.com\/fr\/rooms\/suite-bronze\/","url":"https:\/\/somnisdelemporda.com\/fr\/rooms\/suite-bronze\/","name":"Suite Bronze - Somnis de l&#039;Empordà","isPartOf":{"@id":"https:\/\/somnisdelemporda.com\/fr\/#website"},"primaryImageOfPage":{"@id":"https:\/\/somnisdelemporda.com\/fr\/rooms\/suite-bronze\/#primaryimage"},"image":{"@id":"https:\/\/somnisdelemporda.com\/fr\/rooms\/suite-bronze\/#primaryimage"},"thumbnailUrl":"https:\/\/somnisdelemporda.com\/wp-content\/uploads\/2023\/03\/B2A2177-1-scaled.jpg","datePublished":"2023-03-16T10:45:33+00:00","dateModified":"2023-04-26T14:41:40+00:00","breadcrumb":{"@id":"https:\/\/somnisdelemporda.com\/fr\/rooms\/suite-bronze\/#breadcrumb"},"inLanguage":"fr-FR","potentialAction":[{"@type":"ReadAction","target":["https:\/\/somnisdelemporda.com\/fr\/rooms\/suite-bronze\/"]}]},{"@type":"ImageObject","inLanguage":"fr-FR","@id":"https:\/\/somnisdelemporda.com\/fr\/rooms\/suite-bronze\/#primaryimage","url":"https:\/\/somnisdelemporda.com\/wp-content\/uploads\/2023\/03\/B2A2177-1-scaled.jpg","contentUrl":"https:\/\/somnisdelemporda.com\/wp-content\/uploads\/2023\/03\/B2A2177-1-scaled.jpg","width":2560,"height":1707},{"@type":"BreadcrumbList","@id":"https:\/\/somnisdelemporda.com\/fr\/rooms\/suite-bronze\/#breadcrumb","itemListElement":[{"@type":"ListItem","position":1,"name":"Portada","item":"https:\/\/somnisdelemporda.com\/fr\/"},{"@type":"ListItem","position":2,"name":"Rooms","item":"https:\/\/somnisdelemporda.com\/fr\/rooms\/"},{"@type":"ListItem","position":3,"name":"Suite Bronze"}]},{"@type":"WebSite","@id":"https:\/\/somnisdelemporda.com\/fr\/#website","url":"https:\/\/somnisdelemporda.com\/fr\/","name":"Somnis de l'Empordà","description":"Masía rural en el corazón de l&#039;Empordà","publisher":{"@id":"https:\/\/somnisdelemporda.com\/fr\/#organization"},"potentialAction":[{"@type":"SearchAction","target":{"@type":"EntryPoint","urlTemplate":"https:\/\/somnisdelemporda.com\/fr\/?s={search_term_string}"},"query-input":{"@type":"PropertyValueSpecification","valueRequired":true,"valueName":"search_term_string"}}],"inLanguage":"fr-FR"},{"@type":"Organization","@id":"https:\/\/somnisdelemporda.com\/fr\/#organization","name":"Somnis de l'Empordà","url":"https:\/\/somnisdelemporda.com\/fr\/","logo":{"@type":"ImageObject","inLanguage":"fr-FR","@id":"https:\/\/somnisdelemporda.com\/fr\/#\/schema\/logo\/image\/","url":"https:\/\/somnisdelemporda.com\/wp-content\/uploads\/2023\/03\/logo-somnis-de-lemporda_Logo-sans-serif.svg","contentUrl":"https:\/\/somnisdelemporda.com\/wp-content\/uploads\/2023\/03\/logo-somnis-de-lemporda_Logo-sans-serif.svg","caption":"Somnis de l'Empordà"},"image":{"@id":"https:\/\/somnisdelemporda.com\/fr\/#\/schema\/logo\/image\/"},"sameAs":["https:\/\/www.facebook.com\/people\/Somnis-de-l-Empord\/100063805333548\/"]}]}</script>
<!-- / Yoast SEO plugin. -->

Suite Bronze - Somnis de l&#039;Empordà

Détendez-vous dans cette suite lumineuse donnant sur la campagne et inspirée par les couleurs de la nature. Tout en contemplant les couchers de soleil uniques de l&rsquo;Empordà depuis les anciens « festejadors » (bancs en pierre près des fenêtres, typiques des châteaux et des fermes). Dimensions 28m, lit king size (180x2m), grande salle de bain avec douche [&hellip;]

Somnis de l&#039;Empordà

Somnis de l'Empordà

Masía rural en el corazón de l&#039;Empordà
